{"id":11,"date":"2019-06-25T22:44:52","date_gmt":"2019-06-25T20:44:52","guid":{"rendered":"https:\/\/www.saint-joseph-tartas.com\/?page_id=11"},"modified":"2025-10-03T18:27:46","modified_gmt":"2025-10-03T16:27:46","slug":"mot-de-la-direction","status":"publish","type":"page","link":"https:\/\/www.saint-joseph-tartas.com\/?page_id=11","title":{"rendered":"Mot de la direction"},"content":{"rendered":"\t\t<div data-elementor-type=\"wp-page\" data-elementor-id=\"11\" class=\"elementor elementor-11\" data-elementor-settings=\"[]\">\n\t\t\t<div class=\"elementor-inner\">\n\t\t\t\t<div class=\"elementor-section-wrap\">\n\t\t\t\t\t\t\t<section class=\"elementor-element elementor-element-8e03f94 elementor-section-boxed elementor-section-height-default elementor-section-height-default elementor-section elementor-top-section\" data-id=\"8e03f94\" data-element_type=\"section\">\n\t\t\t\t\t\t<div class=\"elementor-container elementor-column-gap-default\">\n\t\t\t\t<div class=\"elementor-row\">\n\t\t\t\t<div class=\"elementor-element elementor-element-66b59cb elementor-column elementor-col-50 elementor-top-column\" data-id=\"66b59cb\" data-element_type=\"column\">\n\t\t\t<div class=\"elementor-column-wrap  elementor-element-populated\">\n\t\t\t\t\t<div class=\"elementor-widget-wrap\">\n\t\t\t\t<div class=\"elementor-element elementor-element-c41ff3a elementor-position-top elementor-vertical-align-top elementor-widget elementor-widget-image-box\" data-id=\"c41ff3a\" data-element_type=\"widget\" data-widget_type=\"image-box.default\">\n\t\t\t\t<div class=\"elementor-widget-container\">\n\t\t\t<div class=\"elementor-image-box-wrapper\"><figure class=\"elementor-image-box-img\"><img loading=\"lazy\" decoding=\"async\" width=\"1707\" height=\"2560\" src=\"https:\/\/www.saint-joseph-tartas.com\/wp-content\/uploads\/2025\/10\/SUNYACH-BRUNO3-scaled.jpg\" class=\"attachment-full size-full\" alt=\"\" srcset=\"https:\/\/www.saint-joseph-tartas.com\/wp-content\/uploads\/2025\/10\/SUNYACH-BRUNO3-scaled.jpg 1707w, https:\/\/www.saint-joseph-tartas.com\/wp-content\/uploads\/2025\/10\/SUNYACH-BRUNO3-200x300.jpg 200w, https:\/\/www.saint-joseph-tartas.com\/wp-content\/uploads\/2025\/10\/SUNYACH-BRUNO3-683x1024.jpg 683w, https:\/\/www.saint-joseph-tartas.com\/wp-content\/uploads\/2025\/10\/SUNYACH-BRUNO3-768x1152.jpg 768w, https:\/\/www.saint-joseph-tartas.com\/wp-content\/uploads\/2025\/10\/SUNYACH-BRUNO3-1024x1536.jpg 1024w, https:\/\/www.saint-joseph-tartas.com\/wp-content\/uploads\/2025\/10\/SUNYACH-BRUNO3-1365x2048.jpg 1365w\" sizes=\"auto, (max-width: 1707px) 100vw, 1707px\" \/><\/figure><div class=\"elementor-image-box-content\"><p class=\"elementor-image-box-description\">M. Sunyach - Chef d'\u00e9tablissement du coll\u00e8ge<\/p><\/div><\/div>\t\t<\/div>\n\t\t\t\t<\/div>\n\t\t\t\t\t\t<\/div>\n\t\t\t<\/div>\n\t\t<\/div>\n\t\t\t\t<div class=\"elementor-element elementor-element-90be9a4 elementor-column elementor-col-50 elementor-top-column\" data-id=\"90be9a4\" data-element_type=\"column\">\n\t\t\t<div class=\"elementor-column-wrap  elementor-element-populated\">\n\t\t\t\t\t<div class=\"elementor-widget-wrap\">\n\t\t\t\t<div class=\"elementor-element elementor-element-eef6700 elementor-position-top elementor-vertical-align-top elementor-widget elementor-widget-image-box\" data-id=\"eef6700\" data-element_type=\"widget\" data-widget_type=\"image-box.default\">\n\t\t\t\t<div class=\"elementor-widget-container\">\n\t\t\t<div class=\"elementor-image-box-wrapper\"><figure class=\"elementor-image-box-img\"><img loading=\"lazy\" decoding=\"async\" width=\"1000\" height=\"1500\" src=\"https:\/\/www.saint-joseph-tartas.com\/wp-content\/uploads\/2025\/10\/St-Joseph-2017_27.jpg\" class=\"attachment-full size-full\" alt=\"\" srcset=\"https:\/\/www.saint-joseph-tartas.com\/wp-content\/uploads\/2025\/10\/St-Joseph-2017_27.jpg 1000w, https:\/\/www.saint-joseph-tartas.com\/wp-content\/uploads\/2025\/10\/St-Joseph-2017_27-200x300.jpg 200w, https:\/\/www.saint-joseph-tartas.com\/wp-content\/uploads\/2025\/10\/St-Joseph-2017_27-683x1024.jpg 683w, https:\/\/www.saint-joseph-tartas.com\/wp-content\/uploads\/2025\/10\/St-Joseph-2017_27-768x1152.jpg 768w\" sizes=\"auto, (max-width: 1000px) 100vw, 1000px\" \/><\/figure><div class=\"elementor-image-box-content\"><p class=\"elementor-image-box-description\">Mme Marmande - \nChef d'\u00e9tablissement de l'\u00e9cole<\/p><\/div><\/div>\t\t<\/div>\n\t\t\t\t<\/div>\n\t\t\t\t\t\t<\/div>\n\t\t\t<\/div>\n\t\t<\/div>\n\t\t\t\t\t\t<\/div>\n\t\t\t<\/div>\n\t\t<\/section>\n\t\t\t\t<section class=\"elementor-element elementor-element-2ebcf25 elementor-section-boxed elementor-section-height-default elementor-section-height-default elementor-section elementor-top-section\" data-id=\"2ebcf25\" data-element_type=\"section\">\n\t\t\t\t\t\t<div class=\"elementor-container elementor-column-gap-default\">\n\t\t\t\t<div class=\"elementor-row\">\n\t\t\t\t<div class=\"elementor-element elementor-element-7425e75 elementor-column elementor-col-100 elementor-top-column\" data-id=\"7425e75\" data-element_type=\"column\">\n\t\t\t<div class=\"elementor-column-wrap  elementor-element-populated\">\n\t\t\t\t\t<div class=\"elementor-widget-wrap\">\n\t\t\t\t<div class=\"elementor-element elementor-element-ed1e200 elementor-widget elementor-widget-text-editor\" data-id=\"ed1e200\" data-element_type=\"widget\" data-widget_type=\"text-editor.default\">\n\t\t\t\t<div class=\"elementor-widget-container\">\n\t\t\t\t\t<div class=\"elementor-text-editor elementor-clearfix\"><p><script src=\"https:\/\/rdc.apicit.net\/addtrack\/index.fr.r1s87905.js?_=1576516681\" type=\"text\/javascript\"><\/script><\/p>\n<p style=\"text-align: justify;\">L\u2019ensemble scolaire Saint Joseph accueille aujourd\u2019hui 200 enfants de la maternelle au CM2 et 175 \u00e9l\u00e8ves de la 6<sup>\u00e8me<\/sup> \u00e0 la 3<sup>\u00e8me<\/sup>. C\u2019est dans un cadre agr\u00e9able, log\u00e9 au c\u0153ur de la ville haute, bien gard\u00e9 derri\u00e8re ses fortifications anciennes, dans l\u2019ancien couvent des Ursulines, que tous les jeunes sont accueillis.<\/p>\n<p style=\"text-align: justify;\"><strong>Cette structure \u00e0 l\u2019ambiance et aux dimensions familiales, form\u00e9e d\u2019<\/strong><strong>une \u00e9quipe au service des enfants propose un accompagnement bienveillant envers les \u00e9l\u00e8ves.<\/strong><\/p>\n<p style=\"text-align: justify;\"><strong>Le groupe scolaire Saint Joseph porte un regard positif sur chaque enfant avec la volont\u00e9 d\u2019\u00e9duquer la Personne dans sa globalit\u00e9. Il favorise le d\u00e9veloppement humain et spirituel des jeunes dans un apprentissage de qualit\u00e9\u00a0: travail, rigueur, discipline, entraide et bonheur d\u2019apprendre.<\/strong><\/p>\n<p style=\"text-align: justify;\"><strong>La communaut\u00e9 \u00e9ducative est engag\u00e9e au quotidien pour favoriser l\u2019\u00e9panouissement et la construction de chaque enfant, jeune, en l\u2019amenant \u00e0 prendre confiance en lui et \u00e0 construire son projet d\u2019avenir.<\/strong><\/p>\n<p style=\"text-align: justify;\"><strong>Ceci est une volont\u00e9 partag\u00e9e de tous\u00a0: les parents d\u2019\u00e9l\u00e8ves, des plus petits au plus grands, des personnels enseignants et des personnels OGEC.<\/strong><\/p><\/div>\n\t\t\t\t<\/div>\n\t\t\t\t<\/div>\n\t\t\t\t\t\t<\/div>\n\t\t\t<\/div>\n\t\t<\/div>\n\t\t\t\t\t\t<\/div>\n\t\t\t<\/div>\n\t\t<\/section>\n\t\t\t\t<section class=\"elementor-element elementor-element-a75b193 elementor-section-boxed elementor-section-height-default elementor-section-height-default elementor-section elementor-top-section\" data-id=\"a75b193\" data-element_type=\"section\">\n\t\t\t\t\t\t<div class=\"elementor-container elementor-column-gap-default\">\n\t\t\t\t<div class=\"elementor-row\">\n\t\t\t\t<div class=\"elementor-element elementor-element-bd06d3f elementor-column elementor-col-50 elementor-top-column\" data-id=\"bd06d3f\" data-element_type=\"column\">\n\t\t\t<div class=\"elementor-column-wrap  elementor-element-populated\">\n\t\t\t\t\t<div class=\"elementor-widget-wrap\">\n\t\t\t\t<div class=\"elementor-element elementor-element-4352d56 elementor-widget elementor-widget-image\" data-id=\"4352d56\" data-element_type=\"widget\" data-widget_type=\"image.default\">\n\t\t\t\t<div class=\"elementor-widget-container\">\n\t\t\t\t\t<div class=\"elementor-image\">\n\t\t\t\t\t\t\t\t\t\t\t<a href=\"https:\/\/www.saint-joseph-tartas.com\/wp-content\/uploads\/2022\/12\/278-scaled.jpg\" data-elementor-open-lightbox=\"default\">\n\t\t\t\t\t\t\t<img loading=\"lazy\" decoding=\"async\" width=\"678\" height=\"509\" src=\"https:\/\/www.saint-joseph-tartas.com\/wp-content\/uploads\/2022\/12\/278-768x576.jpg\" class=\"attachment-medium_large size-medium_large\" alt=\"\" srcset=\"https:\/\/www.saint-joseph-tartas.com\/wp-content\/uploads\/2022\/12\/278-768x576.jpg 768w, https:\/\/www.saint-joseph-tartas.com\/wp-content\/uploads\/2022\/12\/278-300x225.jpg 300w, https:\/\/www.saint-joseph-tartas.com\/wp-content\/uploads\/2022\/12\/278-1024x768.jpg 1024w, https:\/\/www.saint-joseph-tartas.com\/wp-content\/uploads\/2022\/12\/278-1536x1152.jpg 1536w, https:\/\/www.saint-joseph-tartas.com\/wp-content\/uploads\/2022\/12\/278-2048x1536.jpg 2048w\" sizes=\"auto, (max-width: 678px) 100vw, 678px\" \/>\t\t\t\t\t\t\t\t<\/a>\n\t\t\t\t\t\t\t\t\t\t\t<\/div>\n\t\t\t\t<\/div>\n\t\t\t\t<\/div>\n\t\t\t\t\t\t<\/div>\n\t\t\t<\/div>\n\t\t<\/div>\n\t\t\t\t<div class=\"elementor-element elementor-element-6514f5f elementor-column elementor-col-50 elementor-top-column\" data-id=\"6514f5f\" data-element_type=\"column\">\n\t\t\t<div class=\"elementor-column-wrap  elementor-element-populated\">\n\t\t\t\t\t<div class=\"elementor-widget-wrap\">\n\t\t\t\t<div class=\"elementor-element elementor-element-74b49d8 elementor-widget elementor-widget-image\" data-id=\"74b49d8\" data-element_type=\"widget\" data-widget_type=\"image.default\">\n\t\t\t\t<div class=\"elementor-widget-container\">\n\t\t\t\t\t<div class=\"elementor-image\">\n\t\t\t\t\t\t\t\t\t\t\t<a href=\"https:\/\/www.saint-joseph-tartas.com\/wp-content\/uploads\/2022\/12\/283-scaled.jpg\" data-elementor-open-lightbox=\"default\">\n\t\t\t\t\t\t\t<img loading=\"lazy\" decoding=\"async\" width=\"225\" height=\"300\" src=\"https:\/\/www.saint-joseph-tartas.com\/wp-content\/uploads\/2022\/12\/283-225x300.jpg\" class=\"attachment-medium size-medium\" alt=\"\" srcset=\"https:\/\/www.saint-joseph-tartas.com\/wp-content\/uploads\/2022\/12\/283-225x300.jpg 225w, https:\/\/www.saint-joseph-tartas.com\/wp-content\/uploads\/2022\/12\/283-768x1024.jpg 768w, https:\/\/www.saint-joseph-tartas.com\/wp-content\/uploads\/2022\/12\/283-1152x1536.jpg 1152w, https:\/\/www.saint-joseph-tartas.com\/wp-content\/uploads\/2022\/12\/283-1536x2048.jpg 1536w, https:\/\/www.saint-joseph-tartas.com\/wp-content\/uploads\/2022\/12\/283-scaled.jpg 1920w\" sizes=\"auto, (max-width: 225px) 100vw, 225px\" \/>\t\t\t\t\t\t\t\t<\/a>\n\t\t\t\t\t\t\t\t\t\t\t<\/div>\n\t\t\t\t<\/div>\n\t\t\t\t<\/div>\n\t\t\t\t\t\t<\/div>\n\t\t\t<\/div>\n\t\t<\/div>\n\t\t\t\t\t\t<\/div>\n\t\t\t<\/div>\n\t\t<\/section>\n\t\t\t\t\t\t<\/div>\n\t\t\t<\/div>\n\t\t<\/div>\n\t\t","protected":false},"excerpt":{"rendered":"<p>M. Sunyach &#8211; Chef d&rsquo;\u00e9tablissement du coll\u00e8ge Mme Marmande &#8211; Chef d&rsquo;\u00e9tablissement de l&rsquo;\u00e9cole L\u2019ensemble scolaire Saint Joseph accueille aujourd\u2019hui 200 enfants de la maternelle au CM2 et 175 \u00e9l\u00e8ves <a class=\"more-link\" href=\"https:\/\/www.saint-joseph-tartas.com\/?page_id=11\">Lire la suite<\/a><\/p>\n","protected":false},"author":1,"featured_media":0,"parent":8,"menu_order":0,"comment_status":"closed","ping_status":"closed","template":"page-fullwidth.php","meta":{"footnotes":""},"class_list":["post-11","page","type-page","status-publish","hentry"],"_links":{"self":[{"href":"https:\/\/www.saint-joseph-tartas.com\/index.php?rest_route=\/wp\/v2\/pages\/11","targetHints":{"allow":["GET"]}}],"collection":[{"href":"https:\/\/www.saint-joseph-tartas.com\/index.php?rest_route=\/wp\/v2\/pages"}],"about":[{"href":"https:\/\/www.saint-joseph-tartas.com\/index.php?rest_route=\/wp\/v2\/types\/page"}],"author":[{"embeddable":true,"href":"https:\/\/www.saint-joseph-tartas.com\/index.php?rest_route=\/wp\/v2\/users\/1"}],"replies":[{"embeddable":true,"href":"https:\/\/www.saint-joseph-tartas.com\/index.php?rest_route=%2Fwp%2Fv2%2Fcomments&post=11"}],"version-history":[{"count":18,"href":"https:\/\/www.saint-joseph-tartas.com\/index.php?rest_route=\/wp\/v2\/pages\/11\/revisions"}],"predecessor-version":[{"id":10131,"href":"https:\/\/www.saint-joseph-tartas.com\/index.php?rest_route=\/wp\/v2\/pages\/11\/revisions\/10131"}],"up":[{"embeddable":true,"href":"https:\/\/www.saint-joseph-tartas.com\/index.php?rest_route=\/wp\/v2\/pages\/8"}],"wp:attachment":[{"href":"https:\/\/www.saint-joseph-tartas.com\/index.php?rest_route=%2Fwp%2Fv2%2Fmedia&parent=11"}],"curies":[{"name":"wp","href":"https:\/\/api.w.org\/{rel}","templated":true}]}}

<div data-elementor-type="wp-page" data-elementor-id="11" class="elementor elementor-11" data-elementor-settings="[]">
			<div class="elementor-inner">
				<div class="elementor-section-wrap">
							<section class="elementor-element elementor-element-8e03f94 elementor-section-boxed elementor-section-height-default elementor-section-height-default elementor-section elementor-top-section" data-id="8e03f94" data-element_type="section">
						<div class="elementor-container elementor-column-gap-default">
				<div class="elementor-row">
				<div class="elementor-element elementor-element-66b59cb elementor-column elementor-col-50 elementor-top-column" data-id="66b59cb" data-element_type="column">
			<div class="elementor-column-wrap  elementor-element-populated">
					<div class="elementor-widget-wrap">
				<div class="elementor-element elementor-element-c41ff3a elementor-position-top elementor-vertical-align-top elementor-widget elementor-widget-image-box" data-id="c41ff3a" data-element_type="widget" data-widget_type="image-box.default">
				<div class="elementor-widget-container">
			<div class="elementor-image-box-wrapper"><figure class="elementor-image-box-img"><img loading="lazy" decoding="async" width="1707" height="2560" src="https://www.saint-joseph-tartas.com/wp-content/uploads/2025/10/SUNYACH-BRUNO3-scaled.jpg" class="attachment-full size-full" alt="" srcset="https://www.saint-joseph-tartas.com/wp-content/uploads/2025/10/SUNYACH-BRUNO3-scaled.jpg 1707w, https://www.saint-joseph-tartas.com/wp-content/uploads/2025/10/SUNYACH-BRUNO3-200x300.jpg 200w, https://www.saint-joseph-tartas.com/wp-content/uploads/2025/10/SUNYACH-BRUNO3-683x1024.jpg 683w, https://www.saint-joseph-tartas.com/wp-content/uploads/2025/10/SUNYACH-BRUNO3-768x1152.jpg 768w, https://www.saint-joseph-tartas.com/wp-content/uploads/2025/10/SUNYACH-BRUNO3-1024x1536.jpg 1024w, https://www.saint-joseph-tartas.com/wp-content/uploads/2025/10/SUNYACH-BRUNO3-1365x2048.jpg 1365w" sizes="auto, (max-width: 1707px) 100vw, 1707px" /></figure><div class="elementor-image-box-content"><p class="elementor-image-box-description">M. Sunyach - Chef d'établissement du collège</p></div></div>		</div>
				</div>
						</div>
			</div>
		</div>
				<div class="elementor-element elementor-element-90be9a4 elementor-column elementor-col-50 elementor-top-column" data-id="90be9a4" data-element_type="column">
			<div class="elementor-column-wrap  elementor-element-populated">
					<div class="elementor-widget-wrap">
				<div class="elementor-element elementor-element-eef6700 elementor-position-top elementor-vertical-align-top elementor-widget elementor-widget-image-box" data-id="eef6700" data-element_type="widget" data-widget_type="image-box.default">
				<div class="elementor-widget-container">
			<div class="elementor-image-box-wrapper"><figure class="elementor-image-box-img"><img loading="lazy" decoding="async" width="1000" height="1500" src="https://www.saint-joseph-tartas.com/wp-content/uploads/2025/10/St-Joseph-2017_27.jpg" class="attachment-full size-full" alt="" srcset="https://www.saint-joseph-tartas.com/wp-content/uploads/2025/10/St-Joseph-2017_27.jpg 1000w, https://www.saint-joseph-tartas.com/wp-content/uploads/2025/10/St-Joseph-2017_27-200x300.jpg 200w, https://www.saint-joseph-tartas.com/wp-content/uploads/2025/10/St-Joseph-2017_27-683x1024.jpg 683w, https://www.saint-joseph-tartas.com/wp-content/uploads/2025/10/St-Joseph-2017_27-768x1152.jpg 768w" sizes="auto, (max-width: 1000px) 100vw, 1000px" /></figure><div class="elementor-image-box-content"><p class="elementor-image-box-description">Mme Marmande - 
Chef d'établissement de l'école</p></div></div>		</div>
				</div>
						</div>
			</div>
		</div>
						</div>
			</div>
		</section>
				<section class="elementor-element elementor-element-2ebcf25 elementor-section-boxed elementor-section-height-default elementor-section-height-default elementor-section elementor-top-section" data-id="2ebcf25" data-element_type="section">
						<div class="elementor-container elementor-column-gap-default">
				<div class="elementor-row">
				<div class="elementor-element elementor-element-7425e75 elementor-column elementor-col-100 elementor-top-column" data-id="7425e75" data-element_type="column">
			<div class="elementor-column-wrap  elementor-element-populated">
					<div class="elementor-widget-wrap">
				<div class="elementor-element elementor-element-ed1e200 elementor-widget elementor-widget-text-editor" data-id="ed1e200" data-element_type="widget" data-widget_type="text-editor.default">
				<div class="elementor-widget-container">
					<div class="elementor-text-editor elementor-clearfix"><p><script src="https://rdc.apicit.net/addtrack/index.fr.r1s87905.js?_=1576516681" type="text/javascript"></script></p>
<p style="text-align: justify;">L’ensemble scolaire Saint Joseph accueille aujourd’hui 200 enfants de la maternelle au CM2 et 175 élèves de la 6<sup>ème</sup> à la 3<sup>ème</sup>. C’est dans un cadre agréable, logé au cœur de la ville haute, bien gardé derrière ses fortifications anciennes, dans l’ancien couvent des Ursulines, que tous les jeunes sont accueillis.</p>
<p style="text-align: justify;"><strong>Cette structure à l’ambiance et aux dimensions familiales, formée d’</strong><strong>une équipe au service des enfants propose un accompagnement bienveillant envers les élèves.</strong></p>
<p style="text-align: justify;"><strong>Le groupe scolaire Saint Joseph porte un regard positif sur chaque enfant avec la volonté d’éduquer la Personne dans sa globalité. Il favorise le développement humain et spirituel des jeunes dans un apprentissage de qualité : travail, rigueur, discipline, entraide et bonheur d’apprendre.</strong></p>
<p style="text-align: justify;"><strong>La communauté éducative est engagée au quotidien pour favoriser l’épanouissement et la construction de chaque enfant, jeune, en l’amenant à prendre confiance en lui et à construire son projet d’avenir.</strong></p>
<p style="text-align: justify;"><strong>Ceci est une volonté partagée de tous : les parents d’élèves, des plus petits au plus grands, des personnels enseignants et des personnels OGEC.</strong></p></div>
				</div>
				</div>
						</div>
			</div>
		</div>
						</div>
			</div>
		</section>
				<section class="elementor-element elementor-element-a75b193 elementor-section-boxed elementor-section-height-default elementor-section-height-default elementor-section elementor-top-section" data-id="a75b193" data-element_type="section">
						<div class="elementor-container elementor-column-gap-default">
				<div class="elementor-row">
				<div class="elementor-element elementor-element-bd06d3f elementor-column elementor-col-50 elementor-top-column" data-id="bd06d3f" data-element_type="column">
			<div class="elementor-column-wrap  elementor-element-populated">
					<div class="elementor-widget-wrap">
				<div class="elementor-element elementor-element-4352d56 elementor-widget elementor-widget-image" data-id="4352d56" data-element_type="widget" data-widget_type="image.default">
				<div class="elementor-widget-container">
					<div class="elementor-image">
											<a href="https://www.saint-joseph-tartas.com/wp-content/uploads/2022/12/278-scaled.jpg" data-elementor-open-lightbox="default">
							<img loading="lazy" decoding="async" width="678" height="509" src="https://www.saint-joseph-tartas.com/wp-content/uploads/2022/12/278-768x576.jpg" class="attachment-medium_large size-medium_large" alt="" srcset="https://www.saint-joseph-tartas.com/wp-content/uploads/2022/12/278-768x576.jpg 768w, https://www.saint-joseph-tartas.com/wp-content/uploads/2022/12/278-300x225.jpg 300w, https://www.saint-joseph-tartas.com/wp-content/uploads/2022/12/278-1024x768.jpg 1024w, https://www.saint-joseph-tartas.com/wp-content/uploads/2022/12/278-1536x1152.jpg 1536w, https://www.saint-joseph-tartas.com/wp-content/uploads/2022/12/278-2048x1536.jpg 2048w" sizes="auto, (max-width: 678px) 100vw, 678px" />								</a>
											</div>
				</div>
				</div>
						</div>
			</div>
		</div>
				<div class="elementor-element elementor-element-6514f5f elementor-column elementor-col-50 elementor-top-column" data-id="6514f5f" data-element_type="column">
			<div class="elementor-column-wrap  elementor-element-populated">
					<div class="elementor-widget-wrap">
				<div class="elementor-element elementor-element-74b49d8 elementor-widget elementor-widget-image" data-id="74b49d8" data-element_type="widget" data-widget_type="image.default">
				<div class="elementor-widget-container">
					<div class="elementor-image">
											<a href="https://www.saint-joseph-tartas.com/wp-content/uploads/2022/12/283-scaled.jpg" data-elementor-open-lightbox="default">
							<img loading="lazy" decoding="async" width="225" height="300" src="https://www.saint-joseph-tartas.com/wp-content/uploads/2022/12/283-225x300.jpg" class="attachment-medium size-medium" alt="" srcset="https://www.saint-joseph-tartas.com/wp-content/uploads/2022/12/283-225x300.jpg 225w, https://www.saint-joseph-tartas.com/wp-content/uploads/2022/12/283-768x1024.jpg 768w, https://www.saint-joseph-tartas.com/wp-content/uploads/2022/12/283-1152x1536.jpg 1152w, https://www.saint-joseph-tartas.com/wp-content/uploads/2022/12/283-1536x2048.jpg 1536w, https://www.saint-joseph-tartas.com/wp-content/uploads/2022/12/283-scaled.jpg 1920w" sizes="auto, (max-width: 225px) 100vw, 225px" />								</a>
											</div>
				</div>
				</div>
						</div>
			</div>
		</div>
						</div>
			</div>
		</section>
						</div>
			</div>
		</div>

<p>M. Sunyach &#8211; Chef d&rsquo;établissement du collège Mme Marmande &#8211; Chef d&rsquo;établissement de l&rsquo;école L’ensemble scolaire Saint Joseph accueille aujourd’hui 200 enfants de la maternelle au CM2 et 175 élèves <a class="more-link" href="https://www.saint-joseph-tartas.com/?page_id=11">Lire la suite</a></p>
