{"id":15,"date":"2019-06-25T22:45:33","date_gmt":"2019-06-25T20:45:33","guid":{"rendered":"https:\/\/www.saint-joseph-tartas.com\/?page_id=15"},"modified":"2022-10-24T17:25:52","modified_gmt":"2022-10-24T15:25:52","slug":"projet-educatif","status":"publish","type":"page","link":"https:\/\/www.saint-joseph-tartas.com\/?page_id=15","title":{"rendered":"Projet Educatif"},"content":{"rendered":"\t\t<div data-elementor-type=\"wp-page\" data-elementor-id=\"15\" class=\"elementor elementor-15\" data-elementor-settings=\"[]\">\n\t\t\t<div class=\"elementor-inner\">\n\t\t\t\t<div class=\"elementor-section-wrap\">\n\t\t\t\t\t\t\t<section class=\"elementor-element elementor-element-5f450a4d elementor-section-boxed elementor-section-height-default elementor-section-height-default elementor-section elementor-top-section\" data-id=\"5f450a4d\" data-element_type=\"section\">\n\t\t\t\t\t\t<div class=\"elementor-container elementor-column-gap-default\">\n\t\t\t\t<div class=\"elementor-row\">\n\t\t\t\t<div class=\"elementor-element elementor-element-72b7b92d elementor-column elementor-col-100 elementor-top-column\" data-id=\"72b7b92d\" data-element_type=\"column\">\n\t\t\t<div class=\"elementor-column-wrap  elementor-element-populated\">\n\t\t\t\t\t<div class=\"elementor-widget-wrap\">\n\t\t\t\t<div class=\"elementor-element elementor-element-418dc666 elementor-widget elementor-widget-text-editor\" data-id=\"418dc666\" data-element_type=\"widget\" data-widget_type=\"text-editor.default\">\n\t\t\t\t<div class=\"elementor-widget-container\">\n\t\t\t\t\t<div class=\"elementor-text-editor elementor-clearfix\"><!-- wp:paragraph {\"customTextColor\":\"#1700a3\"} -->\n<p class=\"has-text-color\" style=\"color: #1700a3;\"><span style=\"color: #333399;\"><strong>Projet Educatif de l&rsquo;Ecole et du Coll\u00e8ge<\/strong><\/span><\/p>\n<!-- \/wp:paragraph --><!-- wp:image {\"id\":240} -->\n<figure class=\"wp-block-image\"><img loading=\"lazy\" decoding=\"async\" width=\"1024\" height=\"363\" class=\"wp-image-240\" src=\"https:\/\/tartas.tiptiptop.top\/wp-content\/uploads\/2019\/08\/mozaique-1024x363.jpg\" alt=\"\" srcset=\"https:\/\/www.saint-joseph-tartas.com\/wp-content\/uploads\/2019\/08\/mozaique-1024x363.jpg 1024w, https:\/\/www.saint-joseph-tartas.com\/wp-content\/uploads\/2019\/08\/mozaique-300x106.jpg 300w, https:\/\/www.saint-joseph-tartas.com\/wp-content\/uploads\/2019\/08\/mozaique-768x272.jpg 768w, https:\/\/www.saint-joseph-tartas.com\/wp-content\/uploads\/2019\/08\/mozaique.jpg 1355w\" sizes=\"auto, (max-width: 1024px) 100vw, 1024px\" \/><\/figure>\n<!-- \/wp:image --><!-- wp:paragraph -->\n<p><span style=\"color: #000000;\"><strong>Son histoire :<\/strong><\/span><br \/><span style=\"color: #000000;\">Notre projet \u00e9ducatif s\u2019appuie sur des valeurs, des convictions.Il est le fruit d\u2019une r\u00e9flexion qui a \u00e9t\u00e9 men\u00e9e par des parents d\u2019\u00e9l\u00e8ves et les enseignants.Il trouve ses racines (et sa justification) dans le projet dioc\u00e9sain de l\u2019Enseignement Catholique et dans les statuts de l\u2019Enseignement Catholique, promulgu\u00e9s par la Conf\u00e9rence des Ev\u00eaques de France le 14 mai 1992.\u00a0\u00a0<\/span><\/p>\n<!-- \/wp:paragraph --><!-- wp:paragraph {\"textColor\":\"very-dark-gray\"} -->\n<p class=\"has-text-color has-very-dark-gray-color\"><strong>Ses missions :<\/strong><br \/><span style=\"color: #0000ff;\"><strong>ACCUEILLIR <\/strong><\/span><br \/><strong><em>\u201cTout enfant a en lui-m\u00eame les moyens de progresser\u201d\u201cPermettre \u00e0 chacun d\u2019\u00e9panouir ses talents\u201d<\/em><\/strong>\u00a0<br \/>L\u2019\u00e9cole et le coll\u00e8ge Saint-Joseph de Tartas font partis de l\u2019Enseignement Catholique.En tant que tels, ils se veulent :- respectueux des lois qui les associent au service public d\u2019enseignement- fid\u00e8les aux statuts de l\u2019Enseignement Catholique.Par cons\u00e9quent, l\u2019\u00e9cole et le coll\u00e8ge Saint-Joseph ont la volont\u00e9 d\u2019accueillir tous les \u00e9l\u00e8ves.C\u2019est pourquoi, ils cherchent \u00e0 adapter les structures qui leur permettront de g\u00e9rer au mieux l\u2019h\u00e9t\u00e9rog\u00e9n\u00e9it\u00e9 des niveaux, la diversit\u00e9 des v\u00e9cus familiaux, sociaux, culturels, spirituels.\u00a0<\/p>\n<!-- \/wp:paragraph --><!-- wp:paragraph -->\n<p><strong><span style=\"color: #0000ff;\">SERVIR<\/span><br \/><\/strong><span style=\"color: #000000;\"><strong><em>\u201cTout ce que vous ferez au plus petit d\u2019entre les mieux, c\u2019est \u00e0 moi que vous le ferez\u201d<\/em><\/strong><span style=\"font-weight: 300;\">\u00a0<br \/>Le souci premier est de cr\u00e9er une communaut\u00e9 \u00e9ducative dans laquelle tous les partenaires : \u00e9l\u00e8ves, enseignants, personnel, \u00e9quipe pastorale, \u00e9quipe de gestion, amis et b\u00e9n\u00e9voles, conjuguent leurs efforts pour inventer le cadre o\u00f9 chaque membre, en commen\u00e7ant par les enfants, pourra \u00e9panouir au mieux tous ses talents intellectuels, physiques, manuels, artistiques et spirituels dans un climat de confiance et de dialogue.\u00a0\u00a0<\/span><strong>\u00a0<\/strong><\/span><\/p>\n<p><span style=\"color: #000000;\"><!-- \/wp:paragraph --><!-- wp:paragraph --><\/span><\/p>\n<p><strong><span style=\"color: #0000ff;\">COMMUNIER et CELEBRER <\/span><br \/><span style=\"color: #000000;\"><em>\u00ab\u00a0Donner un sens \u00e0 nos quotidiens\u00a0\u00bb<br \/><\/em><\/span><\/strong><span style=\"color: #000000;\">\u00a0A la lumi\u00e8re de\u00a0l\u2019Evangile, l\u2019\u00e9cole et le Coll\u00e8ge Saint-Joseph invitent tous les partenaires \u00e0 c\u00e9l\u00e9brer JESUS CHRIST ressuscit\u00e9. Cette communion commence dans la vie de tous les jours, dans la pratique quotidienne : faire confiance, responsabiliser, encourager, valoriser la r\u00e9ussite, donner des rep\u00e8res\u2026 Elle passe pour chacun par la d\u00e9couverte et l\u2019approfondissement de l\u2019enseignement de JESUS CHRIST.\u00a0\u00a0CELEBRER &#8211; base de la FOI\u00a0en\u00a0JESUS CHRIST \u2013 donne un sens \u00e0 nos actes quotidiens.<\/span><\/p>\n<!-- \/wp:paragraph --><\/div>\n\t\t\t\t<\/div>\n\t\t\t\t<\/div>\n\t\t\t\t\t\t<\/div>\n\t\t\t<\/div>\n\t\t<\/div>\n\t\t\t\t\t\t<\/div>\n\t\t\t<\/div>\n\t\t<\/section>\n\t\t\t\t\t\t<\/div>\n\t\t\t<\/div>\n\t\t<\/div>\n\t\t","protected":false},"excerpt":{"rendered":"<p>Projet Educatif de l&rsquo;Ecole et du Coll\u00e8ge Son histoire :Notre projet \u00e9ducatif s\u2019appuie sur des valeurs, des convictions.Il est le fruit d\u2019une r\u00e9flexion qui a \u00e9t\u00e9 men\u00e9e par des parents <a class=\"more-link\" href=\"https:\/\/www.saint-joseph-tartas.com\/?page_id=15\">Lire la suite<\/a><\/p>\n","protected":false},"author":1,"featured_media":0,"parent":8,"menu_order":0,"comment_status":"closed","ping_status":"closed","template":"page-fullwidth.php","meta":{"footnotes":""},"class_list":["post-15","page","type-page","status-publish","hentry"],"_links":{"self":[{"href":"https:\/\/www.saint-joseph-tartas.com\/index.php?rest_route=\/wp\/v2\/pages\/15","targetHints":{"allow":["GET"]}}],"collection":[{"href":"https:\/\/www.saint-joseph-tartas.com\/index.php?rest_route=\/wp\/v2\/pages"}],"about":[{"href":"https:\/\/www.saint-joseph-tartas.com\/index.php?rest_route=\/wp\/v2\/types\/page"}],"author":[{"embeddable":true,"href":"https:\/\/www.saint-joseph-tartas.com\/index.php?rest_route=\/wp\/v2\/users\/1"}],"replies":[{"embeddable":true,"href":"https:\/\/www.saint-joseph-tartas.com\/index.php?rest_route=%2Fwp%2Fv2%2Fcomments&post=15"}],"version-history":[{"count":8,"href":"https:\/\/www.saint-joseph-tartas.com\/index.php?rest_route=\/wp\/v2\/pages\/15\/revisions"}],"predecessor-version":[{"id":6353,"href":"https:\/\/www.saint-joseph-tartas.com\/index.php?rest_route=\/wp\/v2\/pages\/15\/revisions\/6353"}],"up":[{"embeddable":true,"href":"https:\/\/www.saint-joseph-tartas.com\/index.php?rest_route=\/wp\/v2\/pages\/8"}],"wp:attachment":[{"href":"https:\/\/www.saint-joseph-tartas.com\/index.php?rest_route=%2Fwp%2Fv2%2Fmedia&parent=15"}],"curies":[{"name":"wp","href":"https:\/\/api.w.org\/{rel}","templated":true}]}}

<div data-elementor-type="wp-page" data-elementor-id="15" class="elementor elementor-15" data-elementor-settings="[]">
			<div class="elementor-inner">
				<div class="elementor-section-wrap">
							<section class="elementor-element elementor-element-5f450a4d elementor-section-boxed elementor-section-height-default elementor-section-height-default elementor-section elementor-top-section" data-id="5f450a4d" data-element_type="section">
						<div class="elementor-container elementor-column-gap-default">
				<div class="elementor-row">
				<div class="elementor-element elementor-element-72b7b92d elementor-column elementor-col-100 elementor-top-column" data-id="72b7b92d" data-element_type="column">
			<div class="elementor-column-wrap  elementor-element-populated">
					<div class="elementor-widget-wrap">
				<div class="elementor-element elementor-element-418dc666 elementor-widget elementor-widget-text-editor" data-id="418dc666" data-element_type="widget" data-widget_type="text-editor.default">
				<div class="elementor-widget-container">
					<div class="elementor-text-editor elementor-clearfix"><!-- wp:paragraph {"customTextColor":"#1700a3"} -->
<p class="has-text-color" style="color: #1700a3;"><span style="color: #333399;"><strong>Projet Educatif de l&rsquo;Ecole et du Collège</strong></span></p>
<!-- /wp:paragraph --><!-- wp:image {"id":240} -->
<figure class="wp-block-image"><img loading="lazy" decoding="async" width="1024" height="363" class="wp-image-240" src="https://tartas.tiptiptop.top/wp-content/uploads/2019/08/mozaique-1024x363.jpg" alt="" srcset="https://www.saint-joseph-tartas.com/wp-content/uploads/2019/08/mozaique-1024x363.jpg 1024w, https://www.saint-joseph-tartas.com/wp-content/uploads/2019/08/mozaique-300x106.jpg 300w, https://www.saint-joseph-tartas.com/wp-content/uploads/2019/08/mozaique-768x272.jpg 768w, https://www.saint-joseph-tartas.com/wp-content/uploads/2019/08/mozaique.jpg 1355w" sizes="auto, (max-width: 1024px) 100vw, 1024px" /></figure>
<!-- /wp:image --><!-- wp:paragraph -->
<p><span style="color: #000000;"><strong>Son histoire :</strong></span><br /><span style="color: #000000;">Notre projet éducatif s’appuie sur des valeurs, des convictions.Il est le fruit d’une réflexion qui a été menée par des parents d’élèves et les enseignants.Il trouve ses racines (et sa justification) dans le projet diocésain de l’Enseignement Catholique et dans les statuts de l’Enseignement Catholique, promulgués par la Conférence des Evêques de France le 14 mai 1992.  </span></p>
<!-- /wp:paragraph --><!-- wp:paragraph {"textColor":"very-dark-gray"} -->
<p class="has-text-color has-very-dark-gray-color"><strong>Ses missions :</strong><br /><span style="color: #0000ff;"><strong>ACCUEILLIR </strong></span><br /><strong><em>“Tout enfant a en lui-même les moyens de progresser”“Permettre à chacun d’épanouir ses talents”</em></strong> <br />L’école et le collège Saint-Joseph de Tartas font partis de l’Enseignement Catholique.En tant que tels, ils se veulent :- respectueux des lois qui les associent au service public d’enseignement- fidèles aux statuts de l’Enseignement Catholique.Par conséquent, l’école et le collège Saint-Joseph ont la volonté d’accueillir tous les élèves.C’est pourquoi, ils cherchent à adapter les structures qui leur permettront de gérer au mieux l’hétérogénéité des niveaux, la diversité des vécus familiaux, sociaux, culturels, spirituels. </p>
<!-- /wp:paragraph --><!-- wp:paragraph -->
<p><strong><span style="color: #0000ff;">SERVIR</span><br /></strong><span style="color: #000000;"><strong><em>“Tout ce que vous ferez au plus petit d’entre les mieux, c’est à moi que vous le ferez”</em></strong><span style="font-weight: 300;"> <br />Le souci premier est de créer une communauté éducative dans laquelle tous les partenaires : élèves, enseignants, personnel, équipe pastorale, équipe de gestion, amis et bénévoles, conjuguent leurs efforts pour inventer le cadre où chaque membre, en commençant par les enfants, pourra épanouir au mieux tous ses talents intellectuels, physiques, manuels, artistiques et spirituels dans un climat de confiance et de dialogue.  </span><strong> </strong></span></p>
<p><span style="color: #000000;"><!-- /wp:paragraph --><!-- wp:paragraph --></span></p>
<p><strong><span style="color: #0000ff;">COMMUNIER et CELEBRER </span><br /><span style="color: #000000;"><em>« Donner un sens à nos quotidiens »<br /></em></span></strong><span style="color: #000000;"> A la lumière de l’Evangile, l’école et le Collège Saint-Joseph invitent tous les partenaires à célébrer JESUS CHRIST ressuscité. Cette communion commence dans la vie de tous les jours, dans la pratique quotidienne : faire confiance, responsabiliser, encourager, valoriser la réussite, donner des repères… Elle passe pour chacun par la découverte et l’approfondissement de l’enseignement de JESUS CHRIST.  CELEBRER &#8211; base de la FOI en JESUS CHRIST – donne un sens à nos actes quotidiens.</span></p>
<!-- /wp:paragraph --></div>
				</div>
				</div>
						</div>
			</div>
		</div>
						</div>
			</div>
		</section>
						</div>
			</div>
		</div>

<p>Projet Educatif de l&rsquo;Ecole et du Collège Son histoire :Notre projet éducatif s’appuie sur des valeurs, des convictions.Il est le fruit d’une réflexion qui a été menée par des parents <a class="more-link" href="https://www.saint-joseph-tartas.com/?page_id=15">Lire la suite</a></p>
