{"id":25,"date":"2019-06-25T22:49:49","date_gmt":"2019-06-25T20:49:49","guid":{"rendered":"https:\/\/www.saint-joseph-tartas.com\/?page_id=25"},"modified":"2023-01-14T18:03:51","modified_gmt":"2023-01-14T17:03:51","slug":"organisation","status":"publish","type":"page","link":"https:\/\/www.saint-joseph-tartas.com\/?page_id=25","title":{"rendered":"Organisation"},"content":{"rendered":"\n<p> <strong>&nbsp;Fonctionnement en semaine de 4 jours<\/strong><\/p>\n\n\n\n<ul class=\"wp-block-list\"><li> 2.5 classes maternelles<\/li><li>5.5 classes primaires<\/li><li>1 classe d&rsquo;adaptation <\/li><\/ul>\n\n\n\n<p class=\"has-text-align-left\"><br>Garderie\u00a0de 7h30 \u00e0 8h30<br>Etude\u00a0de 16h45 \u00e0 18h30<br><br>Cours\u00a0de 8h30 \u00e0 11h45 et de 13h20 \u00e0 16h20\u00a0<br><br><em>Les cours de soutien sont propos\u00e9s lors de la pause m\u00e9ridienne<br>Le d\u00e9coupage des classes d\u00e9pend des effectifs de l\u2019ann\u00e9e\u00a0L\u2019\u00e9cole est compos\u00e9e de 8 classes\u00a0<\/em><\/p>\n\n\n\n<div class=\"wp-block-group\"><div class=\"wp-block-group__inner-container is-layout-flow wp-block-group-is-layout-flow\">\n<p><strong>D\u00e9coupage de l\u2019ann\u00e9e 2022\/2023 : <\/strong><\/p>\n<\/div><\/div>\n\n\n\n<ul class=\"wp-block-list\"><li>  Mme Meneau : TPS \/ PS \/ MS <\/li><li> Mme Clav\u00e9 : MS \/ GS&nbsp;<\/li><li> Mme Caillaud :  GS \/ CP&nbsp;<\/li><li> Mme Jodin : CE1&nbsp;<\/li><li> Mme Bauden : CE2&nbsp;<\/li><li> Mme Bats, Mme Guarino, Mme De Filippo : CE2 \/ CM1&nbsp;<\/li><li> Mme Marmande (directrice), Mme De Melo : CM1 \/ CM2&nbsp;<\/li><li> M Franchini : CM2&nbsp; <\/li><\/ul>\n","protected":false},"excerpt":{"rendered":"<p>&nbsp;Fonctionnement en semaine de 4 jours 2.5 classes maternelles 5.5 classes primaires 1 classe d&rsquo;adaptation Garderie\u00a0de 7h30 \u00e0 8h30Etude\u00a0de 16h45 \u00e0 18h30 Cours\u00a0de 8h30 \u00e0 11h45 et de 13h20 \u00e0 <a class=\"more-link\" href=\"https:\/\/www.saint-joseph-tartas.com\/?page_id=25\">Lire la suite<\/a><\/p>\n","protected":false},"author":4,"featured_media":0,"parent":21,"menu_order":0,"comment_status":"closed","ping_status":"closed","template":"page-fullwidth.php","meta":{"footnotes":""},"class_list":["post-25","page","type-page","status-publish","hentry"],"_links":{"self":[{"href":"https:\/\/www.saint-joseph-tartas.com\/index.php?rest_route=\/wp\/v2\/pages\/25","targetHints":{"allow":["GET"]}}],"collection":[{"href":"https:\/\/www.saint-joseph-tartas.com\/index.php?rest_route=\/wp\/v2\/pages"}],"about":[{"href":"https:\/\/www.saint-joseph-tartas.com\/index.php?rest_route=\/wp\/v2\/types\/page"}],"author":[{"embeddable":true,"href":"https:\/\/www.saint-joseph-tartas.com\/index.php?rest_route=\/wp\/v2\/users\/4"}],"replies":[{"embeddable":true,"href":"https:\/\/www.saint-joseph-tartas.com\/index.php?rest_route=%2Fwp%2Fv2%2Fcomments&post=25"}],"version-history":[{"count":10,"href":"https:\/\/www.saint-joseph-tartas.com\/index.php?rest_route=\/wp\/v2\/pages\/25\/revisions"}],"predecessor-version":[{"id":6802,"href":"https:\/\/www.saint-joseph-tartas.com\/index.php?rest_route=\/wp\/v2\/pages\/25\/revisions\/6802"}],"up":[{"embeddable":true,"href":"https:\/\/www.saint-joseph-tartas.com\/index.php?rest_route=\/wp\/v2\/pages\/21"}],"wp:attachment":[{"href":"https:\/\/www.saint-joseph-tartas.com\/index.php?rest_route=%2Fwp%2Fv2%2Fmedia&parent=25"}],"curies":[{"name":"wp","href":"https:\/\/api.w.org\/{rel}","templated":true}]}}

<p> <strong>&nbsp;Fonctionnement en semaine de 4 jours</strong></p>



<ul class="wp-block-list"><li> 2.5 classes maternelles</li><li>5.5 classes primaires</li><li>1 classe d&rsquo;adaptation </li></ul>



<p class="has-text-align-left"><br>Garderie de 7h30 à 8h30<br>Etude de 16h45 à 18h30<br><br>Cours de 8h30 à 11h45 et de 13h20 à 16h20 <br><br><em>Les cours de soutien sont proposés lors de la pause méridienne<br>Le découpage des classes dépend des effectifs de l’année L’école est composée de 8 classes </em></p>



<div class="wp-block-group"><div class="wp-block-group__inner-container is-layout-flow wp-block-group-is-layout-flow">
<p><strong>Découpage de l’année 2022/2023 : </strong></p>
</div></div>



<ul class="wp-block-list"><li>  Mme Meneau : TPS / PS / MS </li><li> Mme Clavé : MS / GS&nbsp;</li><li> Mme Caillaud :  GS / CP&nbsp;</li><li> Mme Jodin : CE1&nbsp;</li><li> Mme Bauden : CE2&nbsp;</li><li> Mme Bats, Mme Guarino, Mme De Filippo : CE2 / CM1&nbsp;</li><li> Mme Marmande (directrice), Mme De Melo : CM1 / CM2&nbsp;</li><li> M Franchini : CM2&nbsp; </li></ul>

<p>&nbsp;Fonctionnement en semaine de 4 jours 2.5 classes maternelles 5.5 classes primaires 1 classe d&rsquo;adaptation Garderie de 7h30 à 8h30Etude de 16h45 à 18h30 Cours de 8h30 à 11h45 et de 13h20 à <a class="more-link" href="https://www.saint-joseph-tartas.com/?page_id=25">Lire la suite</a></p>
