{"id":53,"date":"2019-06-25T22:58:31","date_gmt":"2019-06-25T20:58:31","guid":{"rendered":"https:\/\/www.saint-joseph-tartas.com\/?page_id=53"},"modified":"2025-09-10T17:07:15","modified_gmt":"2025-09-10T15:07:15","slug":"alternance","status":"publish","type":"page","link":"https:\/\/www.saint-joseph-tartas.com\/?page_id=53","title":{"rendered":"Alternance"},"content":{"rendered":"\t\t<div data-elementor-type=\"wp-page\" data-elementor-id=\"53\" class=\"elementor elementor-53\" data-elementor-settings=\"[]\">\n\t\t\t<div class=\"elementor-inner\">\n\t\t\t\t<div class=\"elementor-section-wrap\">\n\t\t\t\t\t\t\t<section class=\"elementor-element elementor-element-8bd550a elementor-section-boxed elementor-section-height-default elementor-section-height-default elementor-section elementor-top-section\" data-id=\"8bd550a\" data-element_type=\"section\">\n\t\t\t\t\t\t<div class=\"elementor-container elementor-column-gap-default\">\n\t\t\t\t<div class=\"elementor-row\">\n\t\t\t\t<div class=\"elementor-element elementor-element-6d701a8 elementor-column elementor-col-100 elementor-top-column\" data-id=\"6d701a8\" data-element_type=\"column\">\n\t\t\t<div class=\"elementor-column-wrap  elementor-element-populated\">\n\t\t\t\t\t<div class=\"elementor-widget-wrap\">\n\t\t\t\t<div class=\"elementor-element elementor-element-3d6f73b elementor-widget elementor-widget-heading\" data-id=\"3d6f73b\" data-element_type=\"widget\" data-widget_type=\"heading.default\">\n\t\t\t\t<div class=\"elementor-widget-container\">\n\t\t\t<h2 class=\"elementor-heading-title elementor-size-default\">L'alternance, un parcours en 2 ans (4\u00e8me et 3\u00e8me)<\/h2>\t\t<\/div>\n\t\t\t\t<\/div>\n\t\t\t\t\t\t<\/div>\n\t\t\t<\/div>\n\t\t<\/div>\n\t\t\t\t\t\t<\/div>\n\t\t\t<\/div>\n\t\t<\/section>\n\t\t\t\t<section class=\"elementor-element elementor-element-75b9232 elementor-section-boxed elementor-section-height-default elementor-section-height-default elementor-section elementor-top-section\" data-id=\"75b9232\" data-element_type=\"section\">\n\t\t\t\t\t\t<div class=\"elementor-container elementor-column-gap-default\">\n\t\t\t\t<div class=\"elementor-row\">\n\t\t\t\t<div class=\"elementor-element elementor-element-ca1678f elementor-column elementor-col-66 elementor-top-column\" data-id=\"ca1678f\" data-element_type=\"column\">\n\t\t\t<div class=\"elementor-column-wrap  elementor-element-populated\">\n\t\t\t\t\t<div class=\"elementor-widget-wrap\">\n\t\t\t\t<div class=\"elementor-element elementor-element-5000579 elementor-widget elementor-widget-text-editor\" data-id=\"5000579\" data-element_type=\"widget\" data-widget_type=\"text-editor.default\">\n\t\t\t\t<div class=\"elementor-widget-container\">\n\t\t\t\t\t<div class=\"elementor-text-editor elementor-clearfix\"><p><span style=\"color: #003366;\"><strong><u>Quels sont les objectifs du parcours\u00a0?<\/u><\/strong><\/span><\/p><ul><li><span style=\"color: #333399;\">Placer les \u00e9l\u00e8ves dans une situation active<\/span><\/li><li><span style=\"color: #333399;\">Partager les ann\u00e9es scolaires entre temps d\u2019enseignement et temps de d\u00e9couverte en entreprise pour remotiver les \u00e9l\u00e8ves<\/span><\/li><li><span style=\"color: #333399;\">D\u00e9couvrir plusieurs familles de m\u00e9tiers pour aider les \u00e9l\u00e8ves \u00e0 \u00e9laborer leur projet d\u2019orientation<\/span><\/li><\/ul><\/div>\n\t\t\t\t<\/div>\n\t\t\t\t<\/div>\n\t\t\t\t\t\t<\/div>\n\t\t\t<\/div>\n\t\t<\/div>\n\t\t\t\t<div class=\"elementor-element elementor-element-2ede85b elementor-column elementor-col-33 elementor-top-column\" data-id=\"2ede85b\" data-element_type=\"column\">\n\t\t\t<div class=\"elementor-column-wrap  elementor-element-populated\">\n\t\t\t\t\t<div class=\"elementor-widget-wrap\">\n\t\t\t\t<div class=\"elementor-element elementor-element-ac7bb9e elementor-widget elementor-widget-image\" data-id=\"ac7bb9e\" data-element_type=\"widget\" data-widget_type=\"image.default\">\n\t\t\t\t<div class=\"elementor-widget-container\">\n\t\t\t\t\t<div class=\"elementor-image\">\n\t\t\t\t\t\t\t\t\t\t<img loading=\"lazy\" decoding=\"async\" width=\"400\" height=\"340\" src=\"https:\/\/www.saint-joseph-tartas.com\/wp-content\/uploads\/2023\/01\/altern-3.jpg\" class=\"attachment-large size-large\" alt=\"\" srcset=\"https:\/\/www.saint-joseph-tartas.com\/wp-content\/uploads\/2023\/01\/altern-3.jpg 400w, https:\/\/www.saint-joseph-tartas.com\/wp-content\/uploads\/2023\/01\/altern-3-300x255.jpg 300w\" sizes=\"auto, (max-width: 400px) 100vw, 400px\" \/>\t\t\t\t\t\t\t\t\t\t\t<\/div>\n\t\t\t\t<\/div>\n\t\t\t\t<\/div>\n\t\t\t\t\t\t<\/div>\n\t\t\t<\/div>\n\t\t<\/div>\n\t\t\t\t\t\t<\/div>\n\t\t\t<\/div>\n\t\t<\/section>\n\t\t\t\t<section class=\"elementor-element elementor-element-70a0571 elementor-section-boxed elementor-section-height-default elementor-section-height-default elementor-section elementor-top-section\" data-id=\"70a0571\" data-element_type=\"section\">\n\t\t\t\t\t\t<div class=\"elementor-container elementor-column-gap-default\">\n\t\t\t\t<div class=\"elementor-row\">\n\t\t\t\t<div class=\"elementor-element elementor-element-af787da elementor-column elementor-col-100 elementor-top-column\" data-id=\"af787da\" data-element_type=\"column\">\n\t\t\t<div class=\"elementor-column-wrap  elementor-element-populated\">\n\t\t\t\t\t<div class=\"elementor-widget-wrap\">\n\t\t\t\t<div class=\"elementor-element elementor-element-e86de66 elementor-widget elementor-widget-text-editor\" data-id=\"e86de66\" data-element_type=\"widget\" data-widget_type=\"text-editor.default\">\n\t\t\t\t<div class=\"elementor-widget-container\">\n\t\t\t\t\t<div class=\"elementor-text-editor elementor-clearfix\"><p><span style=\"color: #003366;\"><strong><u>A qui s\u2019adresse-t-il\u00a0?<\/u><\/strong><\/span><\/p><ul><li><span style=\"color: #333399;\">Aux \u00e9l\u00e8ves qui souhaitent d\u00e9couvrir le monde professionnel<\/span><\/li><li><span style=\"color: #333399;\">Aux \u00e9l\u00e8ves qui ont d\u00e9j\u00e0 une id\u00e9e pour leur avenir professionnel afin de la conforter<\/span><\/li><li><span style=\"color: #333399;\">Aux \u00e9l\u00e8ves en difficult\u00e9 et\/ou d\u00e9motiv\u00e9s<\/span><\/li><\/ul><\/div>\n\t\t\t\t<\/div>\n\t\t\t\t<\/div>\n\t\t\t\t\t\t<\/div>\n\t\t\t<\/div>\n\t\t<\/div>\n\t\t\t\t\t\t<\/div>\n\t\t\t<\/div>\n\t\t<\/section>\n\t\t\t\t<section class=\"elementor-element elementor-element-10c516e elementor-section-boxed elementor-section-height-default elementor-section-height-default elementor-section elementor-top-section\" data-id=\"10c516e\" data-element_type=\"section\">\n\t\t\t\t\t\t<div class=\"elementor-container elementor-column-gap-default\">\n\t\t\t\t<div class=\"elementor-row\">\n\t\t\t\t<div class=\"elementor-element elementor-element-7af2dd0 elementor-column elementor-col-50 elementor-top-column\" data-id=\"7af2dd0\" data-element_type=\"column\">\n\t\t\t<div class=\"elementor-column-wrap  elementor-element-populated\">\n\t\t\t\t\t<div class=\"elementor-widget-wrap\">\n\t\t\t\t<div class=\"elementor-element elementor-element-13705e7 elementor-widget elementor-widget-image\" data-id=\"13705e7\" data-element_type=\"widget\" data-widget_type=\"image.default\">\n\t\t\t\t<div class=\"elementor-widget-container\">\n\t\t\t\t\t<div class=\"elementor-image\">\n\t\t\t\t\t\t\t\t\t\t\t<a href=\"https:\/\/www.saint-joseph-tartas.com\/wp-content\/uploads\/2023\/12\/altern-3-scaled.jpg\" data-elementor-open-lightbox=\"default\">\n\t\t\t\t\t\t\t<img loading=\"lazy\" decoding=\"async\" width=\"678\" height=\"509\" src=\"https:\/\/www.saint-joseph-tartas.com\/wp-content\/uploads\/2023\/12\/altern-3-768x576.jpg\" class=\"attachment-medium_large size-medium_large\" alt=\"\" srcset=\"https:\/\/www.saint-joseph-tartas.com\/wp-content\/uploads\/2023\/12\/altern-3-768x576.jpg 768w, https:\/\/www.saint-joseph-tartas.com\/wp-content\/uploads\/2023\/12\/altern-3-300x225.jpg 300w, https:\/\/www.saint-joseph-tartas.com\/wp-content\/uploads\/2023\/12\/altern-3-1024x768.jpg 1024w, https:\/\/www.saint-joseph-tartas.com\/wp-content\/uploads\/2023\/12\/altern-3-1536x1152.jpg 1536w, https:\/\/www.saint-joseph-tartas.com\/wp-content\/uploads\/2023\/12\/altern-3-2048x1536.jpg 2048w\" sizes=\"auto, (max-width: 678px) 100vw, 678px\" \/>\t\t\t\t\t\t\t\t<\/a>\n\t\t\t\t\t\t\t\t\t\t\t<\/div>\n\t\t\t\t<\/div>\n\t\t\t\t<\/div>\n\t\t\t\t\t\t<\/div>\n\t\t\t<\/div>\n\t\t<\/div>\n\t\t\t\t<div class=\"elementor-element elementor-element-042eb81 elementor-column elementor-col-50 elementor-top-column\" data-id=\"042eb81\" data-element_type=\"column\">\n\t\t\t<div class=\"elementor-column-wrap  elementor-element-populated\">\n\t\t\t\t\t<div class=\"elementor-widget-wrap\">\n\t\t\t\t<div class=\"elementor-element elementor-element-d59c438 elementor-widget elementor-widget-image\" data-id=\"d59c438\" data-element_type=\"widget\" data-widget_type=\"image.default\">\n\t\t\t\t<div class=\"elementor-widget-container\">\n\t\t\t\t\t<div class=\"elementor-image\">\n\t\t\t\t\t\t\t\t\t\t\t<a href=\"https:\/\/www.saint-joseph-tartas.com\/wp-content\/uploads\/2025\/07\/IMG_20250613_093943_1.jpg\" data-elementor-open-lightbox=\"default\">\n\t\t\t\t\t\t\t<img loading=\"lazy\" decoding=\"async\" width=\"678\" height=\"509\" src=\"https:\/\/www.saint-joseph-tartas.com\/wp-content\/uploads\/2025\/07\/IMG_20250613_093943_1-768x576.jpg\" class=\"attachment-medium_large size-medium_large\" alt=\"\" srcset=\"https:\/\/www.saint-joseph-tartas.com\/wp-content\/uploads\/2025\/07\/IMG_20250613_093943_1-768x576.jpg 768w, https:\/\/www.saint-joseph-tartas.com\/wp-content\/uploads\/2025\/07\/IMG_20250613_093943_1-300x225.jpg 300w, https:\/\/www.saint-joseph-tartas.com\/wp-content\/uploads\/2025\/07\/IMG_20250613_093943_1.jpg 1020w\" sizes=\"auto, (max-width: 678px) 100vw, 678px\" \/>\t\t\t\t\t\t\t\t<\/a>\n\t\t\t\t\t\t\t\t\t\t\t<\/div>\n\t\t\t\t<\/div>\n\t\t\t\t<\/div>\n\t\t\t\t\t\t<\/div>\n\t\t\t<\/div>\n\t\t<\/div>\n\t\t\t\t\t\t<\/div>\n\t\t\t<\/div>\n\t\t<\/section>\n\t\t\t\t<section class=\"elementor-element elementor-element-18c725a elementor-section-boxed elementor-section-height-default elementor-section-height-default elementor-section elementor-top-section\" data-id=\"18c725a\" data-element_type=\"section\">\n\t\t\t\t\t\t<div class=\"elementor-container elementor-column-gap-default\">\n\t\t\t\t<div class=\"elementor-row\">\n\t\t\t\t<div class=\"elementor-element elementor-element-21a42b7 elementor-column elementor-col-100 elementor-top-column\" data-id=\"21a42b7\" data-element_type=\"column\">\n\t\t\t<div class=\"elementor-column-wrap  elementor-element-populated\">\n\t\t\t\t\t<div class=\"elementor-widget-wrap\">\n\t\t\t\t<div class=\"elementor-element elementor-element-b8cab50 elementor-widget elementor-widget-text-editor\" data-id=\"b8cab50\" data-element_type=\"widget\" data-widget_type=\"text-editor.default\">\n\t\t\t\t<div class=\"elementor-widget-container\">\n\t\t\t\t\t<div class=\"elementor-text-editor elementor-clearfix\"><p><span style=\"color: #003366;\"><strong><u>Comment s\u2019organise-t-il\u00a0?<\/u><\/strong><\/span><\/p><ul><li><span style=\"text-decoration: underline; color: #333399;\">Au coll\u00e8ge\u00a0:<\/span><ul><li><span style=\"color: #3366ff;\">Les \u00e9l\u00e8ves suivent les enseignements classiques avec les \u00e9l\u00e8ves qui ne suivent pas ce parcours<\/span><\/li><li><span style=\"color: #3366ff;\">Un suivi<\/span> <span style=\"color: #3366ff;\">particulier\u00a0avec des heures sp\u00e9cifiques dans l\u2019emploi du temps : 1h30 consacr\u00e9e au\u00a0suivi de l\u2019alternance\u00a0et 1h d\u2019accompagnement personnalis\u00e9<\/span><\/li><li><span style=\"color: #3366ff;\">1 professeur tuteur qui accompagne l\u2019\u00e9l\u00e8ve dans ce parcours<\/span><\/li><li><span style=\"color: #3366ff;\">Une rencontre personnalis\u00e9e sera organis\u00e9e au cours de l\u2019ann\u00e9e r\u00e9unissant l\u2019\u00e9l\u00e8ve, sa famille, son professeur tuteur, le professeur r\u00e9f\u00e9rent de ce parcours et le chef d\u2019\u00e9tablissement<\/span><\/li><\/ul><\/li><\/ul><ul><li><span style=\"text-decoration: underline; color: #333399;\">En dehors du coll\u00e8ge\u00a0:<\/span><ul><li><span style=\"color: #3366ff;\">Des p\u00e9riodes de stage (les semaines sont indiqu\u00e9es ci-dessous)<\/span><\/li><li><span style=\"color: #3366ff;\">Un travail de restitution \u00e0 faire apr\u00e8s chaque stage (rapport \u00e9crit, diaporama ou pr\u00e9sentation d\u2019un oral)<\/span><\/li><\/ul><\/li><\/ul><\/div>\n\t\t\t\t<\/div>\n\t\t\t\t<\/div>\n\t\t\t\t\t\t<\/div>\n\t\t\t<\/div>\n\t\t<\/div>\n\t\t\t\t\t\t<\/div>\n\t\t\t<\/div>\n\t\t<\/section>\n\t\t\t\t<section class=\"elementor-element elementor-element-fcaa730 elementor-section-boxed elementor-section-height-default elementor-section-height-default elementor-section elementor-top-section\" data-id=\"fcaa730\" data-element_type=\"section\">\n\t\t\t\t\t\t<div class=\"elementor-container elementor-column-gap-default\">\n\t\t\t\t<div class=\"elementor-row\">\n\t\t\t\t<div class=\"elementor-element elementor-element-b031d6c elementor-column elementor-col-100 elementor-top-column\" data-id=\"b031d6c\" data-element_type=\"column\">\n\t\t\t<div class=\"elementor-column-wrap  elementor-element-populated\">\n\t\t\t\t\t<div class=\"elementor-widget-wrap\">\n\t\t\t\t<div class=\"elementor-element elementor-element-e95f9b4 elementor-widget elementor-widget-text-editor\" data-id=\"e95f9b4\" data-element_type=\"widget\" data-widget_type=\"text-editor.default\">\n\t\t\t\t<div class=\"elementor-widget-container\">\n\t\t\t\t\t<div class=\"elementor-text-editor elementor-clearfix\"><p><span style=\"color: #003366;\"><strong><u>Quel dipl\u00f4me pr\u00e9sente-t-on \u00e0 la fin de la 3<sup>\u00e8me<\/sup>?<\/u><\/strong><\/span><\/p><ul><li><span style=\"color: #333399;\">Dipl\u00f4me National du Brevet s\u00e9rie g\u00e9n\u00e9rale (ou s\u00e9rie professionnelle sur d\u00e9rogation)<\/span><br \/><span style=\"color: #808080;\"><span style=\"color: #333399;\">Attention, les \u00e9l\u00e8ves pourront \u00eatre amen\u00e9s \u00e0 rattraper des cours pour<\/span> <span style=\"color: #333399;\">les mati\u00e8res du DNB (1h dans l&#8217;emploi du temps est pr\u00e9vue pour faire le point)<br \/><\/span><\/span><\/li><li><span style=\"color: #333399;\">Certificat de Formation G\u00e9n\u00e9rale<\/span><\/li><\/ul><\/div>\n\t\t\t\t<\/div>\n\t\t\t\t<\/div>\n\t\t\t\t\t\t<\/div>\n\t\t\t<\/div>\n\t\t<\/div>\n\t\t\t\t\t\t<\/div>\n\t\t\t<\/div>\n\t\t<\/section>\n\t\t\t\t<section class=\"elementor-element elementor-element-21f9410 elementor-section-boxed elementor-section-height-default elementor-section-height-default elementor-section elementor-top-section\" data-id=\"21f9410\" data-element_type=\"section\">\n\t\t\t\t\t\t<div class=\"elementor-container elementor-column-gap-default\">\n\t\t\t\t<div class=\"elementor-row\">\n\t\t\t\t<div class=\"elementor-element elementor-element-b0be4e0 elementor-column elementor-col-50 elementor-top-column\" data-id=\"b0be4e0\" data-element_type=\"column\">\n\t\t\t<div class=\"elementor-column-wrap  elementor-element-populated\">\n\t\t\t\t\t<div class=\"elementor-widget-wrap\">\n\t\t\t\t<div class=\"elementor-element elementor-element-bfb117a elementor-widget elementor-widget-image\" data-id=\"bfb117a\" data-element_type=\"widget\" data-widget_type=\"image.default\">\n\t\t\t\t<div class=\"elementor-widget-container\">\n\t\t\t\t\t<div class=\"elementor-image\">\n\t\t\t\t\t\t\t\t\t\t<img loading=\"lazy\" decoding=\"async\" width=\"474\" height=\"279\" src=\"https:\/\/www.saint-joseph-tartas.com\/wp-content\/uploads\/2023\/01\/altern-4.jpg\" class=\"attachment-large size-large\" alt=\"\" srcset=\"https:\/\/www.saint-joseph-tartas.com\/wp-content\/uploads\/2023\/01\/altern-4.jpg 474w, https:\/\/www.saint-joseph-tartas.com\/wp-content\/uploads\/2023\/01\/altern-4-300x177.jpg 300w\" sizes=\"auto, (max-width: 474px) 100vw, 474px\" \/>\t\t\t\t\t\t\t\t\t\t\t<\/div>\n\t\t\t\t<\/div>\n\t\t\t\t<\/div>\n\t\t\t\t\t\t<\/div>\n\t\t\t<\/div>\n\t\t<\/div>\n\t\t\t\t<div class=\"elementor-element elementor-element-a874aa7 elementor-column elementor-col-50 elementor-top-column\" data-id=\"a874aa7\" data-element_type=\"column\">\n\t\t\t<div class=\"elementor-column-wrap  elementor-element-populated\">\n\t\t\t\t\t<div class=\"elementor-widget-wrap\">\n\t\t\t\t<div class=\"elementor-element elementor-element-43e416a elementor-widget elementor-widget-text-editor\" data-id=\"43e416a\" data-element_type=\"widget\" data-widget_type=\"text-editor.default\">\n\t\t\t\t<div class=\"elementor-widget-container\">\n\t\t\t\t\t<div class=\"elementor-text-editor elementor-clearfix\"><p><span style=\"color: #003366;\"><strong><u>Quelle orientation pr\u00e9pare-t-on\u00a0?<\/u><\/strong><\/span><\/p><ul><li><span style=\"color: #3366ff;\">Seconde professionnelle par voie scolaire ou par apprentissage<\/span><\/li><li><span style=\"color: #3366ff;\">Certificat d\u2019aptitude professionnelle (CAP) par voie scolaire ou par apprentissage<\/span><\/li><\/ul><\/div>\n\t\t\t\t<\/div>\n\t\t\t\t<\/div>\n\t\t\t\t\t\t<\/div>\n\t\t\t<\/div>\n\t\t<\/div>\n\t\t\t\t\t\t<\/div>\n\t\t\t<\/div>\n\t\t<\/section>\n\t\t\t\t<section class=\"elementor-element elementor-element-390238a elementor-section-boxed elementor-section-height-default elementor-section-height-default elementor-section elementor-top-section\" data-id=\"390238a\" data-element_type=\"section\">\n\t\t\t\t\t\t<div class=\"elementor-container elementor-column-gap-default\">\n\t\t\t\t<div class=\"elementor-row\">\n\t\t\t\t<div class=\"elementor-element elementor-element-20a5f10 elementor-column elementor-col-100 elementor-top-column\" data-id=\"20a5f10\" data-element_type=\"column\">\n\t\t\t<div class=\"elementor-column-wrap  elementor-element-populated\">\n\t\t\t\t\t<div class=\"elementor-widget-wrap\">\n\t\t\t\t<div class=\"elementor-element elementor-element-0851da2 elementor-widget elementor-widget-text-editor\" data-id=\"0851da2\" data-element_type=\"widget\" data-widget_type=\"text-editor.default\">\n\t\t\t\t<div class=\"elementor-widget-container\">\n\t\t\t\t\t<div class=\"elementor-text-editor elementor-clearfix\"><\/div>\n\t\t\t\t<\/div>\n\t\t\t\t<\/div>\n\t\t\t\t\t\t<\/div>\n\t\t\t<\/div>\n\t\t<\/div>\n\t\t\t\t\t\t<\/div>\n\t\t\t<\/div>\n\t\t<\/section>\n\t\t\t\t<section class=\"elementor-element elementor-element-79e39d2 elementor-section-boxed elementor-section-height-default elementor-section-height-default elementor-section elementor-top-section\" data-id=\"79e39d2\" data-element_type=\"section\">\n\t\t\t\t\t\t<div class=\"elementor-container elementor-column-gap-default\">\n\t\t\t\t<div class=\"elementor-row\">\n\t\t\t\t<div class=\"elementor-element elementor-element-e02bbba elementor-column elementor-col-100 elementor-top-column\" data-id=\"e02bbba\" data-element_type=\"column\">\n\t\t\t<div class=\"elementor-column-wrap  elementor-element-populated\">\n\t\t\t\t\t<div class=\"elementor-widget-wrap\">\n\t\t\t\t<div class=\"elementor-element elementor-element-91328e1 elementor-widget elementor-widget-text-editor\" data-id=\"91328e1\" data-element_type=\"widget\" data-widget_type=\"text-editor.default\">\n\t\t\t\t<div class=\"elementor-widget-container\">\n\t\t\t\t\t<div class=\"elementor-text-editor elementor-clearfix\"><p style=\"text-align: center;\"><strong><u><br \/><span style=\"color: #000000;\">EN RESUME :<\/span><br \/><\/u><\/strong><span style=\"color: #000000;\">L\u2019alternance est un partenariat entre le coll\u00e8ge, l\u2019\u00e9l\u00e8ve et la famille.<\/span><\/p><p><span style=\"color: #000000;\"><strong>\u21d2 Le coll\u00e8ge s\u2019engage<\/strong> \u00e0 accompagner chaque \u00e9l\u00e8ve dans son parcours personnalis\u00e9.<\/span><\/p><p><span style=\"color: #000000;\"><strong>\u21d2 L\u2019\u00e9l\u00e8ve s\u2019engage<\/strong> \u00e0 \u00eatre acteur de son parcours avenir (recherche des stages, \u00e9laboration des restitutions) et se donner les moyens de r\u00e9ussir scolairement.<\/span><\/p><p><span style=\"color: #000000;\"><strong>\u21d2 La famille s\u2019engage<\/strong> \u00e0 aider l\u2019\u00e9l\u00e8ve \u00e0 trouver les lieux de stage et \u00e0 l\u2019aider, si besoin, dans l\u2019\u00e9laboration des restitutions.<\/span><\/p><\/div>\n\t\t\t\t<\/div>\n\t\t\t\t<\/div>\n\t\t\t\t\t\t<\/div>\n\t\t\t<\/div>\n\t\t<\/div>\n\t\t\t\t\t\t<\/div>\n\t\t\t<\/div>\n\t\t<\/section>\n\t\t\t\t<section class=\"elementor-element elementor-element-b4b8911 elementor-section-boxed elementor-section-height-default elementor-section-height-default elementor-section elementor-top-section\" data-id=\"b4b8911\" data-element_type=\"section\">\n\t\t\t\t\t\t<div class=\"elementor-container elementor-column-gap-default\">\n\t\t\t\t<div class=\"elementor-row\">\n\t\t\t\t<div class=\"elementor-element elementor-element-c2f30cc elementor-column elementor-col-100 elementor-top-column\" data-id=\"c2f30cc\" data-element_type=\"column\">\n\t\t\t<div class=\"elementor-column-wrap  elementor-element-populated\">\n\t\t\t\t\t<div class=\"elementor-widget-wrap\">\n\t\t\t\t<div class=\"elementor-element elementor-element-ab3aafb elementor-widget elementor-widget-text-editor\" data-id=\"ab3aafb\" data-element_type=\"widget\" data-widget_type=\"text-editor.default\">\n\t\t\t\t<div class=\"elementor-widget-container\">\n\t\t\t\t\t<div class=\"elementor-text-editor elementor-clearfix\"><p><span style=\"color: #000080;\"><strong><span style=\"text-decoration: underline;\"><span style=\"color: #333399; text-decoration: underline;\">\u00a0P\u00e9riodes de stage pour l&rsquo;ann\u00e9e scolaire 2025 \/ 2026<\/span> :<\/span>\u00a0<\/strong><a href=\"https:\/\/www.saint-joseph-tartas.com\/wp-content\/uploads\/2025\/07\/Dates-de-stage-site.pdf\">cliquer ici<\/a><\/span><\/p><p><strong><span style=\"text-decoration: underline;\"><span style=\"color: #333399; text-decoration: underline;\">Certificat de stage (grille d&rsquo;\u00e9valuation de l&rsquo;entreprise) :<\/span> <\/span><\/strong><a href=\"https:\/\/www.saint-joseph-tartas.com\/wp-content\/uploads\/2025\/07\/certificat-stage-entreprise.pdf\">cliquez ici<\/a><\/p><p><span style=\"text-decoration: underline;\"><span style=\"color: #333399; text-decoration: underline;\"><strong>Convention :<\/strong><\/span><\/span><a href=\"https:\/\/www.saint-joseph-tartas.com\/wp-content\/uploads\/2025\/09\/2025-26_Convention_Stage_Alternant.pdf\"> cliquez ici<\/a><\/p><p><span style=\"text-decoration: underline; color: #333399;\"><strong>Cahier de stage :<\/strong><\/span> <a href=\"https:\/\/www.saint-joseph-tartas.com\/wp-content\/uploads\/2025\/07\/Cahier-de-stage.pdf\">cliquez ici<\/a><\/p><\/div>\n\t\t\t\t<\/div>\n\t\t\t\t<\/div>\n\t\t\t\t\t\t<\/div>\n\t\t\t<\/div>\n\t\t<\/div>\n\t\t\t\t\t\t<\/div>\n\t\t\t<\/div>\n\t\t<\/section>\n\t\t\t\t\t\t<\/div>\n\t\t\t<\/div>\n\t\t<\/div>\n\t\t","protected":false},"excerpt":{"rendered":"<p>L&rsquo;alternance, un parcours en 2 ans (4\u00e8me et 3\u00e8me) Quels sont les objectifs du parcours\u00a0? Placer les \u00e9l\u00e8ves dans une situation active Partager les ann\u00e9es scolaires entre temps d\u2019enseignement et <a class=\"more-link\" href=\"https:\/\/www.saint-joseph-tartas.com\/?page_id=53\">Lire la suite<\/a><\/p>\n","protected":false},"author":1,"featured_media":0,"parent":41,"menu_order":0,"comment_status":"closed","ping_status":"closed","template":"page-fullwidth.php","meta":{"footnotes":""},"class_list":["post-53","page","type-page","status-publish","hentry"],"_links":{"self":[{"href":"https:\/\/www.saint-joseph-tartas.com\/index.php?rest_route=\/wp\/v2\/pages\/53","targetHints":{"allow":["GET"]}}],"collection":[{"href":"https:\/\/www.saint-joseph-tartas.com\/index.php?rest_route=\/wp\/v2\/pages"}],"about":[{"href":"https:\/\/www.saint-joseph-tartas.com\/index.php?rest_route=\/wp\/v2\/types\/page"}],"author":[{"embeddable":true,"href":"https:\/\/www.saint-joseph-tartas.com\/index.php?rest_route=\/wp\/v2\/users\/1"}],"replies":[{"embeddable":true,"href":"https:\/\/www.saint-joseph-tartas.com\/index.php?rest_route=%2Fwp%2Fv2%2Fcomments&post=53"}],"version-history":[{"count":46,"href":"https:\/\/www.saint-joseph-tartas.com\/index.php?rest_route=\/wp\/v2\/pages\/53\/revisions"}],"predecessor-version":[{"id":10103,"href":"https:\/\/www.saint-joseph-tartas.com\/index.php?rest_route=\/wp\/v2\/pages\/53\/revisions\/10103"}],"up":[{"embeddable":true,"href":"https:\/\/www.saint-joseph-tartas.com\/index.php?rest_route=\/wp\/v2\/pages\/41"}],"wp:attachment":[{"href":"https:\/\/www.saint-joseph-tartas.com\/index.php?rest_route=%2Fwp%2Fv2%2Fmedia&parent=53"}],"curies":[{"name":"wp","href":"https:\/\/api.w.org\/{rel}","templated":true}]}}