{"id":5580,"date":"2022-01-05T19:02:06","date_gmt":"2022-01-05T18:02:06","guid":{"rendered":"https:\/\/www.saint-joseph-tartas.com\/?page_id=5580"},"modified":"2022-02-04T14:41:54","modified_gmt":"2022-02-04T13:41:54","slug":"maternelle-primaire","status":"publish","type":"page","link":"https:\/\/www.saint-joseph-tartas.com\/?page_id=5580","title":{"rendered":"Inscriptions"},"content":{"rendered":"\t\t<div data-elementor-type=\"wp-page\" data-elementor-id=\"5580\" class=\"elementor elementor-5580\" data-elementor-settings=\"[]\">\n\t\t\t<div class=\"elementor-inner\">\n\t\t\t\t<div class=\"elementor-section-wrap\">\n\t\t\t\t\t\t\t<section class=\"elementor-element elementor-element-d0f9b72 elementor-section-boxed elementor-section-height-default elementor-section-height-default elementor-section elementor-top-section\" data-id=\"d0f9b72\" data-element_type=\"section\">\n\t\t\t\t\t\t<div class=\"elementor-container elementor-column-gap-default\">\n\t\t\t\t<div class=\"elementor-row\">\n\t\t\t\t<div class=\"elementor-element elementor-element-4a8da49 elementor-column elementor-col-50 elementor-top-column\" data-id=\"4a8da49\" data-element_type=\"column\">\n\t\t\t<div class=\"elementor-column-wrap  elementor-element-populated\">\n\t\t\t\t\t<div class=\"elementor-widget-wrap\">\n\t\t\t\t<div class=\"elementor-element elementor-element-58b8730 elementor-widget elementor-widget-image\" data-id=\"58b8730\" data-element_type=\"widget\" data-widget_type=\"image.default\">\n\t\t\t\t<div class=\"elementor-widget-container\">\n\t\t\t\t\t<div class=\"elementor-image\">\n\t\t\t\t\t\t\t\t\t\t<img loading=\"lazy\" decoding=\"async\" width=\"678\" height=\"387\" src=\"https:\/\/www.saint-joseph-tartas.com\/wp-content\/uploads\/2022\/01\/V2_-_Maternelle-1-1024x585.png\" class=\"attachment-large size-large\" alt=\"\" srcset=\"https:\/\/www.saint-joseph-tartas.com\/wp-content\/uploads\/2022\/01\/V2_-_Maternelle-1-1024x585.png 1024w, https:\/\/www.saint-joseph-tartas.com\/wp-content\/uploads\/2022\/01\/V2_-_Maternelle-1-300x171.png 300w, https:\/\/www.saint-joseph-tartas.com\/wp-content\/uploads\/2022\/01\/V2_-_Maternelle-1-768x439.png 768w, https:\/\/www.saint-joseph-tartas.com\/wp-content\/uploads\/2022\/01\/V2_-_Maternelle-1-1536x878.png 1536w, https:\/\/www.saint-joseph-tartas.com\/wp-content\/uploads\/2022\/01\/V2_-_Maternelle-1-2048x1170.png 2048w\" sizes=\"auto, (max-width: 678px) 100vw, 678px\" \/>\t\t\t\t\t\t\t\t\t\t\t<\/div>\n\t\t\t\t<\/div>\n\t\t\t\t<\/div>\n\t\t\t\t\t\t<\/div>\n\t\t\t<\/div>\n\t\t<\/div>\n\t\t\t\t<div class=\"elementor-element elementor-element-087c43f elementor-column elementor-col-50 elementor-top-column\" data-id=\"087c43f\" data-element_type=\"column\">\n\t\t\t<div class=\"elementor-column-wrap  elementor-element-populated\">\n\t\t\t\t\t<div class=\"elementor-widget-wrap\">\n\t\t\t\t<div class=\"elementor-element elementor-element-d74ab3d elementor-widget elementor-widget-text-editor\" data-id=\"d74ab3d\" data-element_type=\"widget\" data-widget_type=\"text-editor.default\">\n\t\t\t\t<div class=\"elementor-widget-container\">\n\t\t\t\t\t<div class=\"elementor-text-editor elementor-clearfix\"><p>\u00a0<\/p>\n<ul>\n<li><a href=\"https:\/\/www.saint-joseph-tartas.com\/wp-content\/uploads\/2022\/02\/PROC\u00c9DURE_de_pr\u00e9_inscriptions_Ecole_directe-Maternelle.pdf\">Proc\u00e9dure \u00e0 suivre<\/a><\/li>\n<li><a href=\"https:\/\/preinscriptions.ecoledirecte.com\/?OGEC=0400077S\">Lien Pr\u00e9-inscription<\/a><\/li>\n<\/ul><\/div>\n\t\t\t\t<\/div>\n\t\t\t\t<\/div>\n\t\t\t\t\t\t<\/div>\n\t\t\t<\/div>\n\t\t<\/div>\n\t\t\t\t\t\t<\/div>\n\t\t\t<\/div>\n\t\t<\/section>\n\t\t\t\t<section class=\"elementor-element elementor-element-b8cc910 elementor-section-boxed elementor-section-height-default elementor-section-height-default elementor-section elementor-top-section\" data-id=\"b8cc910\" data-element_type=\"section\">\n\t\t\t\t\t\t<div class=\"elementor-container elementor-column-gap-default\">\n\t\t\t\t<div class=\"elementor-row\">\n\t\t\t\t<div class=\"elementor-element elementor-element-02fb71c elementor-column elementor-col-50 elementor-top-column\" data-id=\"02fb71c\" data-element_type=\"column\">\n\t\t\t<div class=\"elementor-column-wrap  elementor-element-populated\">\n\t\t\t\t\t<div class=\"elementor-widget-wrap\">\n\t\t\t\t<div class=\"elementor-element elementor-element-c0b6548 elementor-widget elementor-widget-image\" data-id=\"c0b6548\" data-element_type=\"widget\" data-widget_type=\"image.default\">\n\t\t\t\t<div class=\"elementor-widget-container\">\n\t\t\t\t\t<div class=\"elementor-image\">\n\t\t\t\t\t\t\t\t\t\t<img loading=\"lazy\" decoding=\"async\" width=\"678\" height=\"405\" src=\"https:\/\/www.saint-joseph-tartas.com\/wp-content\/uploads\/2022\/01\/PRIMAIRE-1024x612.jpg\" class=\"attachment-large size-large\" alt=\"\" srcset=\"https:\/\/www.saint-joseph-tartas.com\/wp-content\/uploads\/2022\/01\/PRIMAIRE-1024x612.jpg 1024w, https:\/\/www.saint-joseph-tartas.com\/wp-content\/uploads\/2022\/01\/PRIMAIRE-300x179.jpg 300w, https:\/\/www.saint-joseph-tartas.com\/wp-content\/uploads\/2022\/01\/PRIMAIRE-768x459.jpg 768w, https:\/\/www.saint-joseph-tartas.com\/wp-content\/uploads\/2022\/01\/PRIMAIRE.jpg 1258w\" sizes=\"auto, (max-width: 678px) 100vw, 678px\" \/>\t\t\t\t\t\t\t\t\t\t\t<\/div>\n\t\t\t\t<\/div>\n\t\t\t\t<\/div>\n\t\t\t\t\t\t<\/div>\n\t\t\t<\/div>\n\t\t<\/div>\n\t\t\t\t<div class=\"elementor-element elementor-element-3eb4cc1 elementor-column elementor-col-50 elementor-top-column\" data-id=\"3eb4cc1\" data-element_type=\"column\">\n\t\t\t<div class=\"elementor-column-wrap  elementor-element-populated\">\n\t\t\t\t\t<div class=\"elementor-widget-wrap\">\n\t\t\t\t<div class=\"elementor-element elementor-element-e3f5b8e elementor-widget elementor-widget-text-editor\" data-id=\"e3f5b8e\" data-element_type=\"widget\" data-widget_type=\"text-editor.default\">\n\t\t\t\t<div class=\"elementor-widget-container\">\n\t\t\t\t\t<div class=\"elementor-text-editor elementor-clearfix\"><ul><li><a href=\"https:\/\/www.saint-joseph-tartas.com\/wp-content\/uploads\/2022\/02\/PROC\u00c9DURE_de_pr\u00e9_inscriptions_Ecole_directe-PrimaireV2.pdf\">Proc\u00e9dure \u00e0 suivre<\/a><\/li><li><a href=\"https:\/\/preinscriptions.ecoledirecte.com\/?OGEC=0400077S\">Lien Pr\u00e9-inscription<\/a><\/li><\/ul><\/div>\n\t\t\t\t<\/div>\n\t\t\t\t<\/div>\n\t\t\t\t\t\t<\/div>\n\t\t\t<\/div>\n\t\t<\/div>\n\t\t\t\t\t\t<\/div>\n\t\t\t<\/div>\n\t\t<\/section>\n\t\t\t\t<section class=\"elementor-element elementor-element-3077f6b elementor-section-boxed elementor-section-height-default elementor-section-height-default elementor-section elementor-top-section\" data-id=\"3077f6b\" data-element_type=\"section\">\n\t\t\t\t\t\t<div class=\"elementor-container elementor-column-gap-default\">\n\t\t\t\t<div class=\"elementor-row\">\n\t\t\t\t<div class=\"elementor-element elementor-element-16acac8 elementor-column elementor-col-50 elementor-top-column\" data-id=\"16acac8\" data-element_type=\"column\">\n\t\t\t<div class=\"elementor-column-wrap  elementor-element-populated\">\n\t\t\t\t\t<div class=\"elementor-widget-wrap\">\n\t\t\t\t<div class=\"elementor-element elementor-element-3565a4f elementor-widget elementor-widget-image\" data-id=\"3565a4f\" data-element_type=\"widget\" data-widget_type=\"image.default\">\n\t\t\t\t<div class=\"elementor-widget-container\">\n\t\t\t\t\t<div class=\"elementor-image\">\n\t\t\t\t\t\t\t\t\t\t<img loading=\"lazy\" decoding=\"async\" width=\"678\" height=\"387\" src=\"https:\/\/www.saint-joseph-tartas.com\/wp-content\/uploads\/2022\/01\/V1_-_Coll\u00e8ge-1-1024x585.png\" class=\"attachment-large size-large\" alt=\"\" srcset=\"https:\/\/www.saint-joseph-tartas.com\/wp-content\/uploads\/2022\/01\/V1_-_Coll\u00e8ge-1-1024x585.png 1024w, https:\/\/www.saint-joseph-tartas.com\/wp-content\/uploads\/2022\/01\/V1_-_Coll\u00e8ge-1-300x171.png 300w, https:\/\/www.saint-joseph-tartas.com\/wp-content\/uploads\/2022\/01\/V1_-_Coll\u00e8ge-1-768x439.png 768w, https:\/\/www.saint-joseph-tartas.com\/wp-content\/uploads\/2022\/01\/V1_-_Coll\u00e8ge-1-1536x878.png 1536w, https:\/\/www.saint-joseph-tartas.com\/wp-content\/uploads\/2022\/01\/V1_-_Coll\u00e8ge-1-2048x1170.png 2048w\" sizes=\"auto, (max-width: 678px) 100vw, 678px\" \/>\t\t\t\t\t\t\t\t\t\t\t<\/div>\n\t\t\t\t<\/div>\n\t\t\t\t<\/div>\n\t\t\t\t\t\t<\/div>\n\t\t\t<\/div>\n\t\t<\/div>\n\t\t\t\t<div class=\"elementor-element elementor-element-7a81ff1 elementor-column elementor-col-50 elementor-top-column\" data-id=\"7a81ff1\" data-element_type=\"column\">\n\t\t\t<div class=\"elementor-column-wrap  elementor-element-populated\">\n\t\t\t\t\t<div class=\"elementor-widget-wrap\">\n\t\t\t\t<div class=\"elementor-element elementor-element-7bfa0db elementor-widget elementor-widget-text-editor\" data-id=\"7bfa0db\" data-element_type=\"widget\" data-widget_type=\"text-editor.default\">\n\t\t\t\t<div class=\"elementor-widget-container\">\n\t\t\t\t\t<div class=\"elementor-text-editor elementor-clearfix\"><ul><li><a href=\"https:\/\/www.saint-joseph-tartas.com\/wp-content\/uploads\/2022\/02\/PROC\u00c9DURE_de_pr\u00e9_inscriptions_Ecole_directe-College-V2.pdf\">Proc\u00e9dure \u00e0 suivre<\/a><\/li><li><a href=\"https:\/\/preinscriptions.ecoledirecte.com\/?OGEC=0400077S\">Lien Pr\u00e9-inscription<\/a><\/li><\/ul><\/div>\n\t\t\t\t<\/div>\n\t\t\t\t<\/div>\n\t\t\t\t\t\t<\/div>\n\t\t\t<\/div>\n\t\t<\/div>\n\t\t\t\t\t\t<\/div>\n\t\t\t<\/div>\n\t\t<\/section>\n\t\t\t\t\t\t<\/div>\n\t\t\t<\/div>\n\t\t<\/div>\n\t\t","protected":false},"excerpt":{"rendered":"<p>Proc\u00e9dure \u00e0 suivre Lien Pr\u00e9-inscription Proc\u00e9dure \u00e0 suivre Lien Pr\u00e9-inscription Proc\u00e9dure \u00e0 suivre Lien Pr\u00e9-inscription<\/p>\n","protected":false},"author":3,"featured_media":0,"parent":0,"menu_order":0,"comment_status":"closed","ping_status":"closed","template":"","meta":{"footnotes":""},"class_list":["post-5580","page","type-page","status-publish","hentry"],"_links":{"self":[{"href":"https:\/\/www.saint-joseph-tartas.com\/index.php?rest_route=\/wp\/v2\/pages\/5580","targetHints":{"allow":["GET"]}}],"collection":[{"href":"https:\/\/www.saint-joseph-tartas.com\/index.php?rest_route=\/wp\/v2\/pages"}],"about":[{"href":"https:\/\/www.saint-joseph-tartas.com\/index.php?rest_route=\/wp\/v2\/types\/page"}],"author":[{"embeddable":true,"href":"https:\/\/www.saint-joseph-tartas.com\/index.php?rest_route=\/wp\/v2\/users\/3"}],"replies":[{"embeddable":true,"href":"https:\/\/www.saint-joseph-tartas.com\/index.php?rest_route=%2Fwp%2Fv2%2Fcomments&post=5580"}],"version-history":[{"count":31,"href":"https:\/\/www.saint-joseph-tartas.com\/index.php?rest_route=\/wp\/v2\/pages\/5580\/revisions"}],"predecessor-version":[{"id":5666,"href":"https:\/\/www.saint-joseph-tartas.com\/index.php?rest_route=\/wp\/v2\/pages\/5580\/revisions\/5666"}],"wp:attachment":[{"href":"https:\/\/www.saint-joseph-tartas.com\/index.php?rest_route=%2Fwp%2Fv2%2Fmedia&parent=5580"}],"curies":[{"name":"wp","href":"https:\/\/api.w.org\/{rel}","templated":true}]}}