{"id":97,"date":"2019-06-25T23:11:26","date_gmt":"2019-06-25T21:11:26","guid":{"rendered":"https:\/\/www.saint-joseph-tartas.com\/?page_id=97"},"modified":"2019-12-03T09:09:52","modified_gmt":"2019-12-03T08:09:52","slug":"o-g-e-c","status":"publish","type":"page","link":"https:\/\/www.saint-joseph-tartas.com\/?page_id=97","title":{"rendered":"O.G.E.C."},"content":{"rendered":"\n<p> L&rsquo;OGEC est une association, loi 1901 qui a  pour objectif d&rsquo;assurer la gestion de l&rsquo;\u00e9tablissement dans le respect  de sa nature et de sa finalit\u00e9. <\/p>\n\n\n\n<p><strong>Quel est la mission de l&rsquo;OGEC? <\/strong><br><br> Calcul  et suivi du budget, tenue des comptes, d\u00e9termination de la contribution  demand\u00e9e aux familles, emploi et suivi des versements \u00e0 la charge de  l&rsquo;\u00e9tat et des collectivit\u00e9s territoriales, paiement des charges de  fonctionnement de l&rsquo;\u00e9tablissement, souscription et r\u00e9vision des  assurances sont autant de t\u00e2ches qui lui incombent dans le domaine  \u00e9conomique et financier.<br><br> En ce qui concerne la gestion des locaux, l&rsquo;O.G.E.C. doit veiller \u00e0 leur  entretien, \u00e0 leur r\u00e9novation, \u00e0 leur am\u00e9nagement et \u00e0 leur  agrandissement. Il doit \u00e9galement se pr\u00e9occuper des questions d&rsquo;hygi\u00e8ne  et de s\u00e9curit\u00e9. <br><br> L&rsquo;O.G.E.C. signe le contrat de travail de tous les personnels de droit  priv\u00e9 de l&rsquo;\u00e9tablissement qu&rsquo;il r\u00e9mun\u00e8re directement. Celui du Chef  d&rsquo;\u00e9tablissement mais aussi de tous les autres personnels de  l&rsquo;\u00e9tablissement ainsi que des enseignants pour les \u00e9coles sous contrat  simple. En cas de licenciement, c&rsquo;est \u00e0 lui d&rsquo;y proc\u00e9der. Enfin,  l&rsquo;O.G.E.C. doit veiller au versement de l&rsquo;indemnit\u00e9 de d\u00e9part \u00e0 la  retraite \u00e0 laquelle ont droit les Enseignants, que l&rsquo;\u00e9tablissement soit  sous contrat simple ou sous contrat d&rsquo;association.<br><br><strong>Qui sont les membres de l&rsquo;OGEC? <\/strong><br><br> Des membres  de droit et des membres \u00e9lus. Les premiers sont, le responsable de la  tutelle dioc\u00e9saine ou congr\u00e9ganiste, le pr\u00e9sident de l&rsquo;association des  parents d&rsquo;\u00e9l\u00e8ves de l&rsquo;enseignement libre ( A.P.E.L. ) ou son  repr\u00e9sentant, le pr\u00e9sident de l&rsquo;union d\u00e9partementale des OGEC. (  U.D.O.G.E.C. ) ou son repr\u00e9sentant. Quant aux seconds, ce sont des  parents d&rsquo;\u00e9l\u00e8ves, des amis de l&rsquo;\u00e9tablissement ou d&rsquo;anciens \u00e9l\u00e8ves, pr\u00eats  \u00e0 consacrer une partie de leur temps \u00e0 l&rsquo;\u00e9tablissement. A noter: un  parent d&rsquo;\u00e9l\u00e8ve ne peut exiger de faire partie de l&rsquo;O.G.E.C. sous  pr\u00e9texte qu&rsquo;il paie une scolarit\u00e9 pour son enfant.\u00a0<br><\/p>\n","protected":false},"excerpt":{"rendered":"<p>L&rsquo;OGEC est une association, loi 1901 qui a pour objectif d&rsquo;assurer la gestion de l&rsquo;\u00e9tablissement dans le respect de sa nature et de sa finalit\u00e9. Quel est la mission de <a class=\"more-link\" href=\"https:\/\/www.saint-joseph-tartas.com\/?page_id=97\">Lire la suite<\/a><\/p>\n","protected":false},"author":1,"featured_media":0,"parent":8,"menu_order":0,"comment_status":"closed","ping_status":"closed","template":"page-fullwidth.php","meta":{"footnotes":""},"class_list":["post-97","page","type-page","status-publish","hentry"],"_links":{"self":[{"href":"https:\/\/www.saint-joseph-tartas.com\/index.php?rest_route=\/wp\/v2\/pages\/97","targetHints":{"allow":["GET"]}}],"collection":[{"href":"https:\/\/www.saint-joseph-tartas.com\/index.php?rest_route=\/wp\/v2\/pages"}],"about":[{"href":"https:\/\/www.saint-joseph-tartas.com\/index.php?rest_route=\/wp\/v2\/types\/page"}],"author":[{"embeddable":true,"href":"https:\/\/www.saint-joseph-tartas.com\/index.php?rest_route=\/wp\/v2\/users\/1"}],"replies":[{"embeddable":true,"href":"https:\/\/www.saint-joseph-tartas.com\/index.php?rest_route=%2Fwp%2Fv2%2Fcomments&post=97"}],"version-history":[{"count":2,"href":"https:\/\/www.saint-joseph-tartas.com\/index.php?rest_route=\/wp\/v2\/pages\/97\/revisions"}],"predecessor-version":[{"id":551,"href":"https:\/\/www.saint-joseph-tartas.com\/index.php?rest_route=\/wp\/v2\/pages\/97\/revisions\/551"}],"up":[{"embeddable":true,"href":"https:\/\/www.saint-joseph-tartas.com\/index.php?rest_route=\/wp\/v2\/pages\/8"}],"wp:attachment":[{"href":"https:\/\/www.saint-joseph-tartas.com\/index.php?rest_route=%2Fwp%2Fv2%2Fmedia&parent=97"}],"curies":[{"name":"wp","href":"https:\/\/api.w.org\/{rel}","templated":true}]}}